Last updated on 2016-12-28 23:47:17.
Flavor | Version | Tinstall | Tcheck | Ttotal | Status | Flags |
---|---|---|---|---|---|---|
r-devel-linux-x86_64-debian-clang | 1.1 | 5.91 | 61.68 | 67.58 | OK | |
r-devel-linux-x86_64-debian-gcc | 1.1 | 5.83 | 60.70 | 66.53 | OK | |
r-devel-linux-x86_64-fedora-clang | 1.1 | 161.72 | OK | --no-stop-on-test-error | ||
r-devel-linux-x86_64-fedora-gcc | 1.1 | 154.00 | OK | --no-stop-on-test-error | ||
r-devel-macos-x86_64-clang | 1.1 | 119.73 | OK | --no-stop-on-test-error | ||
r-devel-windows-ix86+x86_64 | 1.1 | 17.00 | 110.00 | 127.00 | OK | |
r-patched-linux-x86_64 | 1.1 | 6.03 | 58.25 | 64.27 | OK | |
r-patched-solaris-sparc | 1.1 | 774.00 | OK | |||
r-patched-solaris-x86 | 1.1 | 175.00 | OK | |||
r-release-linux-x86_64 | 1.1 | 5.18 | 57.54 | 62.73 | OK | |
r-release-osx-x86_64-mavericks | 1.1 | ERROR | ||||
r-release-windows-ix86+x86_64 | 1.1 | 24.00 | 123.00 | 147.00 | OK | |
r-oldrel-windows-ix86+x86_64 | 1.1 | 16.00 | 105.00 | 121.00 | WARN |
Version: 1.1
Check: package dependencies
Result: ERROR
Package required but not available: ‘RODBC’
See section ‘The DESCRIPTION file’ in the ‘Writing R Extensions’
manual.
Flavor: r-release-osx-x86_64-mavericks
Version: 1.1
Check: whether package can be installed
Result: WARN
Found the following significant warnings:
Warning: failed to assign NativeSymbolInfo for env since env is already defined in the 'lazyeval' namespace
Flavor: r-oldrel-windows-ix86+x86_64