CRAN Package Check Results for Package IsoriX

Last updated on 2016-12-28 23:47:17.

Flavor Version Tinstall Tcheck Ttotal Status Flags
r-devel-linux-x86_64-debian-clang 0.4-1 4.79 74.60 79.39 OK
r-devel-linux-x86_64-debian-gcc 0.4-1 5.24 75.45 80.69 OK
r-devel-linux-x86_64-fedora-clang 0.4-1 188.97 OK --no-stop-on-test-error
r-devel-linux-x86_64-fedora-gcc 0.4-1 175.88 OK --no-stop-on-test-error
r-devel-macos-x86_64-clang 0.4-1 130.49 OK --no-stop-on-test-error
r-devel-windows-ix86+x86_64 0.4-1 16.00 138.00 154.00 OK
r-patched-linux-x86_64 0.4-1 4.63 66.39 71.02 OK
r-patched-solaris-sparc 0.4-1 19.60 ERROR
r-patched-solaris-x86 0.4-1 3.60 ERROR
r-release-linux-x86_64 0.4-1 4.94 65.82 70.76 OK
r-release-osx-x86_64-mavericks 0.4-1 OK
r-release-windows-ix86+x86_64 0.4-1 18.00 107.00 125.00 OK
r-oldrel-windows-ix86+x86_64 0.4-1 13.00 116.00 129.00 OK

Check Details

Version: 0.4-1
Check: whether package can be installed
Result: ERROR
    Installation failed.
Flavor: r-patched-solaris-sparc

Version: 0.4-1
Check: package dependencies
Result: ERROR
    Package required but not available: ‘RandomFields’
    
    See section ‘The DESCRIPTION file’ in the ‘Writing R Extensions’
    manual.
Flavor: r-patched-solaris-x86