CRAN Package Check Results for Package LEANR

Last updated on 2016-12-28 23:47:19.

Flavor Version Tinstall Tcheck Ttotal Status Flags
r-devel-linux-x86_64-debian-clang 1.4.9 4.65 86.93 91.58 OK
r-devel-linux-x86_64-debian-gcc 1.4.9 4.64 84.47 89.11 OK
r-devel-linux-x86_64-fedora-clang 1.4.9 293.68 OK --no-stop-on-test-error
r-devel-linux-x86_64-fedora-gcc 1.4.9 262.07 OK --no-stop-on-test-error
r-devel-macos-x86_64-clang 1.4.9 201.49 OK --no-stop-on-test-error
r-devel-windows-ix86+x86_64 1.4.9 14.00 307.00 321.00 NOTE
r-patched-linux-x86_64 1.4.9 4.79 77.80 82.59 OK
r-patched-solaris-sparc 1.4.9 1523.80 OK
r-patched-solaris-x86 1.4.9 263.90 OK
r-release-linux-x86_64 1.4.9 4.93 79.82 84.75 OK
r-release-osx-x86_64-mavericks 1.4.9 OK
r-release-windows-ix86+x86_64 1.4.9 14.00 296.00 310.00 NOTE
r-oldrel-windows-ix86+x86_64 1.4.9 10.00 198.00 208.00 NOTE

Check Details

Version: 1.4.9
Check: package dependencies
Result: NOTE
    Package suggested but not available for checking: 'doMC'
Flavors: r-devel-windows-ix86+x86_64, r-release-windows-ix86+x86_64, r-oldrel-windows-ix86+x86_64