Last updated on 2016-12-28 23:47:18.
Flavor | Version | Tinstall | Tcheck | Ttotal | Status | Flags |
---|---|---|---|---|---|---|
r-devel-linux-x86_64-debian-clang | 2.0 | 3.80 | 49.20 | 52.99 | OK | |
r-devel-linux-x86_64-debian-gcc | 2.0 | 3.90 | 48.99 | 52.90 | OK | |
r-devel-linux-x86_64-fedora-clang | 2.0 | 136.79 | NOTE | --no-stop-on-test-error | ||
r-devel-linux-x86_64-fedora-gcc | 2.0 | 116.55 | NOTE | --no-stop-on-test-error | ||
r-devel-macos-x86_64-clang | 2.0 | 83.92 | NOTE | --no-stop-on-test-error | ||
r-devel-windows-ix86+x86_64 | 2.0 | 16.00 | 83.00 | 99.00 | OK | |
r-patched-linux-x86_64 | 2.0 | 3.65 | 47.51 | 51.16 | OK | |
r-patched-solaris-sparc | 2.0 | 572.10 | NOTE | |||
r-patched-solaris-x86 | 2.0 | 139.00 | NOTE | |||
r-release-linux-x86_64 | 2.0 | 3.78 | 47.12 | 50.90 | OK | |
r-release-osx-x86_64-mavericks | 2.0 | NOTE | ||||
r-release-windows-ix86+x86_64 | 2.0 | 14.00 | 85.00 | 99.00 | OK | |
r-oldrel-windows-ix86+x86_64 | 2.0 | 11.00 | 88.00 | 99.00 | NOTE |
Version: 2.0
Flags: --no-stop-on-test-error
Check: data for non-ASCII characters
Result: NOTE
Note: found 15 marked UTF-8 strings
Flavors: r-devel-linux-x86_64-fedora-clang, r-devel-linux-x86_64-fedora-gcc, r-devel-macos-x86_64-clang
Version: 2.0
Check: data for non-ASCII characters
Result: NOTE
Note: found 15 marked UTF-8 strings
Flavors: r-patched-solaris-sparc, r-patched-solaris-x86, r-release-osx-x86_64-mavericks, r-oldrel-windows-ix86+x86_64