Last updated on 2016-12-28 23:47:18.
Flavor | Version | Tinstall | Tcheck | Ttotal | Status | Flags |
---|---|---|---|---|---|---|
r-devel-linux-x86_64-debian-clang | 16.0.1 | 31.83 | 151.51 | 183.34 | OK | |
r-devel-linux-x86_64-debian-gcc | 16.0.1 | 27.95 | 145.44 | 173.39 | OK | |
r-devel-linux-x86_64-fedora-clang | 16.0.1 | 346.35 | NOTE | --no-stop-on-test-error | ||
r-devel-linux-x86_64-fedora-gcc | 16.0.1 | 316.61 | NOTE | --no-stop-on-test-error | ||
r-devel-macos-x86_64-clang | 16.0.1 | 242.86 | NOTE | --no-stop-on-test-error | ||
r-devel-windows-ix86+x86_64 | 16.0.1 | 64.00 | 277.00 | 341.00 | NOTE | |
r-patched-linux-x86_64 | 16.0.1 | 27.72 | 149.37 | 177.09 | OK | |
r-patched-solaris-sparc | 16.0.1 | 1547.40 | NOTE | --no-vignettes | ||
r-patched-solaris-x86 | 16.0.1 | 302.60 | NOTE | |||
r-release-linux-x86_64 | 16.0.1 | 25.30 | 146.32 | 171.62 | OK | |
r-release-osx-x86_64-mavericks | 16.0.1 | OK | ||||
r-release-windows-ix86+x86_64 | 16.0.1 | 61.00 | 232.00 | 293.00 | OK | |
r-oldrel-windows-ix86+x86_64 | 16.0.1 | 49.00 | 306.00 | 355.00 | OK |
Version: 16.0.1
Flags: --no-stop-on-test-error
Check: installed package size
Result: NOTE
installed size is 5.3Mb
sub-directories of 1Mb or more:
R 1.5Mb
doc 2.4Mb
help 1.1Mb
Flavors: r-devel-linux-x86_64-fedora-clang, r-devel-linux-x86_64-fedora-gcc, r-devel-macos-x86_64-clang
Version: 16.0.1
Check: installed package size
Result: NOTE
installed size is 5.3Mb
sub-directories of 1Mb or more:
R 1.5Mb
doc 2.4Mb
help 1.1Mb
Flavors: r-devel-windows-ix86+x86_64, r-patched-solaris-x86
Version: 16.0.1
Flags: --no-vignettes
Check: installed package size
Result: NOTE
installed size is 5.4Mb
sub-directories of 1Mb or more:
R 1.4Mb
doc 2.6Mb
help 1.2Mb
Flavor: r-patched-solaris-sparc