CRAN Package Check Results for Package LeafAngle

Last updated on 2016-12-28 23:47:19.

Flavor Version Tinstall Tcheck Ttotal Status Flags
r-devel-linux-x86_64-debian-clang 1.2-1 0.68 13.29 13.97 NOTE
r-devel-linux-x86_64-debian-gcc 1.2-1 0.64 12.73 13.37 NOTE
r-devel-linux-x86_64-fedora-clang 1.2-1 24.85 NOTE --no-stop-on-test-error
r-devel-linux-x86_64-fedora-gcc 1.2-1 22.11 NOTE --no-stop-on-test-error
r-devel-macos-x86_64-clang 1.2-1 18.80 NOTE --no-stop-on-test-error
r-devel-windows-ix86+x86_64 1.2-1 2.00 27.00 29.00 NOTE
r-patched-linux-x86_64 1.2-1 0.61 12.22 12.83 NOTE
r-patched-solaris-sparc 1.2-1 146.10 NOTE
r-patched-solaris-x86 1.2-1 29.80 NOTE
r-release-linux-x86_64 1.2-1 0.58 12.09 12.67 NOTE
r-release-osx-x86_64-mavericks 1.2-1 NOTE
r-release-windows-ix86+x86_64 1.2-1 2.00 31.00 33.00 NOTE
r-oldrel-windows-ix86+x86_64 1.2-1 2.00 28.00 30.00 OK

Check Details

Version: 1.2-1
Check: R code for possible problems
Result: NOTE
    chisqfit: no visible global function definition for ‘hist’
    drawsample: no visible global function definition for ‘runif’
    fitdistribution: no visible global function definition for ‘optimize’
    fitdistribution: no visible global function definition for ‘var’
    fthetacum: no visible global function definition for ‘integrate’
    fthetaf: no visible global function definition for ‘dbeta’
    plot.angledist: no visible global function definition for ‘hist’
    plot.angledist: no visible global function definition for ‘curve’
    plot.angledist: no visible global function definition for ‘box’
    plot.angledistlist: no visible global function definition for ‘pdf’
    plot.angledistlist: no visible global function definition for ‘dev.off’
    Undefined global functions or variables:
     box curve dbeta dev.off hist integrate optimize pdf runif var
    Consider adding
     importFrom("grDevices", "dev.off", "pdf")
     importFrom("graphics", "box", "curve", "hist")
     importFrom("stats", "dbeta", "integrate", "optimize", "runif", "var")
    to your NAMESPACE file.
Flavors: r-devel-linux-x86_64-debian-clang, r-devel-linux-x86_64-debian-gcc, r-devel-windows-ix86+x86_64, r-patched-linux-x86_64, r-patched-solaris-sparc, r-patched-solaris-x86, r-release-linux-x86_64, r-release-osx-x86_64-mavericks, r-release-windows-ix86+x86_64

Version: 1.2-1
Flags: --no-stop-on-test-error
Check: R code for possible problems
Result: NOTE
    chisqfit: no visible global function definition for ‘hist’
    drawsample: no visible global function definition for ‘runif’
    fitdistribution: no visible global function definition for ‘optimize’
    fitdistribution: no visible global function definition for ‘var’
    fthetacum: no visible global function definition for ‘integrate’
    fthetaf: no visible global function definition for ‘dbeta’
    plot.angledist: no visible global function definition for ‘hist’
    plot.angledist: no visible global function definition for ‘curve’
    plot.angledist: no visible global function definition for ‘box’
    plot.angledistlist: no visible global function definition for ‘pdf’
    plot.angledistlist: no visible global function definition for ‘dev.off’
    Undefined global functions or variables:
     box curve dbeta dev.off hist integrate optimize pdf runif var
    Consider adding
     importFrom("grDevices", "dev.off", "pdf")
     importFrom("graphics", "box", "curve", "hist")
     importFrom("stats", "dbeta", "integrate", "optimize", "runif", "var")
    to your NAMESPACE file.
Flavors: r-devel-linux-x86_64-fedora-clang, r-devel-linux-x86_64-fedora-gcc, r-devel-macos-x86_64-clang