Last updated on 2016-12-28 23:47:24.
Flavor | Version | Tinstall | Tcheck | Ttotal | Status | Flags |
---|---|---|---|---|---|---|
r-devel-linux-x86_64-debian-clang | 1.0.0 | 1.70 | 31.44 | 33.15 | NOTE | |
r-devel-linux-x86_64-debian-gcc | 1.0.0 | 1.78 | 30.66 | 32.44 | NOTE | |
r-devel-linux-x86_64-fedora-clang | 1.0.0 | 62.29 | NOTE | --no-stop-on-test-error | ||
r-devel-linux-x86_64-fedora-gcc | 1.0.0 | 61.25 | NOTE | --no-stop-on-test-error | ||
r-devel-macos-x86_64-clang | 1.0.0 | 48.52 | NOTE | --no-stop-on-test-error | ||
r-devel-windows-ix86+x86_64 | 1.0.0 | 8.00 | 62.00 | 70.00 | NOTE | |
r-patched-linux-x86_64 | 1.0.0 | 1.36 | 24.66 | 26.01 | NOTE | |
r-patched-solaris-sparc | 1.0.0 | 305.20 | NOTE | |||
r-patched-solaris-x86 | 1.0.0 | 58.70 | NOTE | |||
r-release-linux-x86_64 | 1.0.0 | 1.32 | 25.32 | 26.64 | NOTE | |
r-release-osx-x86_64-mavericks | 1.0.0 | NOTE | ||||
r-release-windows-ix86+x86_64 | 1.0.0 | 5.00 | 48.00 | 53.00 | NOTE | |
r-oldrel-windows-ix86+x86_64 | 1.0.0 | 4.00 | 46.00 | 50.00 | OK |
Version: 1.0.0
Check: R code for possible problems
Result: NOTE
CIPW: no visible global function definition for ‘data’
CIPW: no visible binding for global variable ‘AtomWeight’
CIPW: no visible binding for global variable ‘MinWeight’
CIPW: no visible binding for global variable ‘OxiWeight’
CIPW.trace: no visible global function definition for ‘data’
CIPW.trace: no visible binding for global variable ‘AtomWeight’
CIPW.trace: no visible binding for global variable ‘MinWeight’
CIPW.trace: no visible binding for global variable ‘OxiWeight’
Undefined global functions or variables:
AtomWeight MinWeight OxiWeight data
Consider adding
importFrom("utils", "data")
to your NAMESPACE file.
Flavors: r-devel-linux-x86_64-debian-clang, r-devel-linux-x86_64-debian-gcc, r-devel-windows-ix86+x86_64, r-patched-linux-x86_64, r-patched-solaris-sparc, r-patched-solaris-x86, r-release-linux-x86_64, r-release-osx-x86_64-mavericks, r-release-windows-ix86+x86_64
Version: 1.0.0
Flags: --no-stop-on-test-error
Check: R code for possible problems
Result: NOTE
CIPW: no visible global function definition for ‘data’
CIPW: no visible binding for global variable ‘AtomWeight’
CIPW: no visible binding for global variable ‘MinWeight’
CIPW: no visible binding for global variable ‘OxiWeight’
CIPW.trace: no visible global function definition for ‘data’
CIPW.trace: no visible binding for global variable ‘AtomWeight’
CIPW.trace: no visible binding for global variable ‘MinWeight’
CIPW.trace: no visible binding for global variable ‘OxiWeight’
Undefined global functions or variables:
AtomWeight MinWeight OxiWeight data
Consider adding
importFrom("utils", "data")
to your NAMESPACE file.
Flavors: r-devel-linux-x86_64-fedora-clang, r-devel-linux-x86_64-fedora-gcc, r-devel-macos-x86_64-clang