Last updated on 2016-12-28 23:47:26.
Flavor | Version | Tinstall | Tcheck | Ttotal | Status | Flags |
---|---|---|---|---|---|---|
r-devel-linux-x86_64-debian-clang | 0.99.21 | 19.26 | 227.65 | 246.91 | WARN | |
r-devel-linux-x86_64-debian-gcc | 0.99.21 | 18.99 | 224.38 | 243.37 | WARN | |
r-devel-linux-x86_64-fedora-clang | 0.99.21 | 505.00 | WARN | --no-stop-on-test-error | ||
r-devel-linux-x86_64-fedora-gcc | 0.99.21 | 492.41 | WARN | --no-stop-on-test-error | ||
r-devel-macos-x86_64-clang | 0.99.21 | 357.55 | WARN | --no-stop-on-test-error | ||
r-devel-windows-ix86+x86_64 | 0.99.21 | 68.00 | 449.00 | 517.00 | WARN | |
r-patched-linux-x86_64 | 0.99.21 | 17.47 | 204.57 | 222.04 | WARN | |
r-patched-solaris-sparc | 0.99.21 | 2345.20 | WARN | |||
r-patched-solaris-x86 | 0.99.21 | 557.60 | WARN | |||
r-release-linux-x86_64 | 0.99.21 | 17.53 | 212.13 | 229.66 | WARN | |
r-release-osx-x86_64-mavericks | 0.99.21 | OK | ||||
r-release-windows-ix86+x86_64 | 0.99.21 | 58.00 | 368.00 | 426.00 | OK | |
r-oldrel-windows-ix86+x86_64 | 0.99.21 | 66.00 | 400.00 | 466.00 | OK |
Version: 0.99.21
Check: for missing documentation entries
Result: WARN
Undocumented S4 methods:
generic '[' and siglist 'AlignedData,ANY,ANY,ANY'
All user-level objects in a package (including S4 classes and methods)
should have documentation entries.
See chapter ‘Writing R documentation files’ in the ‘Writing R
Extensions’ manual.
Flavors: r-devel-linux-x86_64-debian-clang, r-devel-linux-x86_64-debian-gcc, r-devel-windows-ix86+x86_64, r-patched-linux-x86_64, r-patched-solaris-x86, r-release-linux-x86_64
Version: 0.99.21
Flags: --no-stop-on-test-error
Check: for missing documentation entries
Result: WARN
Undocumented S4 methods:
generic '[' and siglist 'AlignedData,ANY,ANY,ANY'
All user-level objects in a package (including S4 classes and methods)
should have documentation entries.
See chapter ‘Writing R documentation files’ in the ‘Writing R
Extensions’ manual.
Flavors: r-devel-linux-x86_64-fedora-clang, r-devel-linux-x86_64-fedora-gcc, r-devel-macos-x86_64-clang
Version: 0.99.21
Check: whether package can be installed
Result: WARN
Found the following significant warnings:
Warning: multiple methods tables found for ‘arbind’
Warning: multiple methods tables found for ‘acbind’
Flavor: r-patched-solaris-sparc