CRAN Package Check Results for Package PsumtSim

Last updated on 2016-12-28 23:47:29.

Flavor Version Tinstall Tcheck Ttotal Status Flags
r-devel-linux-x86_64-debian-clang 0.4 0.70 23.03 23.74 NOTE
r-devel-linux-x86_64-debian-gcc 0.4 0.62 22.98 23.60 NOTE
r-devel-linux-x86_64-fedora-clang 0.4 44.52 NOTE --no-stop-on-test-error
r-devel-linux-x86_64-fedora-gcc 0.4 42.32 NOTE --no-stop-on-test-error
r-devel-macos-x86_64-clang 0.4 35.40 NOTE --no-stop-on-test-error
r-devel-windows-ix86+x86_64 0.4 5.00 64.00 69.00 NOTE
r-patched-linux-x86_64 0.4 0.60 21.42 22.02 NOTE
r-patched-solaris-sparc 0.4 258.70 NOTE
r-patched-solaris-x86 0.4 49.60 NOTE
r-release-linux-x86_64 0.4 0.65 22.81 23.46 NOTE
r-release-osx-x86_64-mavericks 0.4 NOTE
r-release-windows-ix86+x86_64 0.4 4.00 45.00 49.00 NOTE
r-oldrel-windows-ix86+x86_64 0.4 3.00 61.00 64.00 NOTE

Check Details

Version: 0.4
Check: DESCRIPTION meta-information
Result: NOTE
    Malformed Title field: should not end in a period.
Flavors: r-devel-linux-x86_64-debian-clang, r-devel-linux-x86_64-debian-gcc, r-devel-windows-ix86+x86_64, r-patched-linux-x86_64, r-patched-solaris-sparc, r-patched-solaris-x86, r-release-linux-x86_64, r-release-osx-x86_64-mavericks, r-release-windows-ix86+x86_64, r-oldrel-windows-ix86+x86_64

Version: 0.4
Check: dependencies in R code
Result: NOTE
    Packages in Depends field not imported from:
     ‘EffectsRelBaseline’ ‘boot’
     These packages need to be imported from (in the NAMESPACE file)
     for when this namespace is loaded but not attached.
Flavors: r-devel-linux-x86_64-debian-clang, r-devel-linux-x86_64-debian-gcc, r-devel-windows-ix86+x86_64, r-patched-linux-x86_64, r-patched-solaris-sparc, r-patched-solaris-x86, r-release-linux-x86_64, r-release-osx-x86_64-mavericks, r-release-windows-ix86+x86_64, r-oldrel-windows-ix86+x86_64

Version: 0.4
Check: R code for possible problems
Result: NOTE
    catEffectBootAdaptor: no visible binding for global variable ‘sumSqCat’
    compExclusionFraction: no visible global function definition for
     ‘rpois’
    compExclusionFraction: no visible global function definition for
     ‘t.test’
    compExclusionFraction: no visible global function definition for ‘glm’
    compExclusionFraction: no visible global function definition for
     ‘anova’
    compPowerCatSelectivity: no visible binding for global variable
     ‘fRatioStat’
    compPowerGeneralRespDetection: no visible binding for global variable
     ‘sumSqCat’
    compPowerRespDetection: no visible binding for global variable
     ‘sumSqCat’
    compRejectionFraction: no visible global function definition for
     ‘rpois’
    compRejectionFraction: no visible global function definition for
     ‘t.test’
    compRejectionFraction: no visible global function definition for ‘glm’
    compRejectionFraction: no visible global function definition for
     ‘anova’
    simCatResp: no visible global function definition for ‘rpois’
    simNormCatResp: no visible global function definition for ‘rnorm’
    testCatEffectBoot: no visible global function definition for ‘boot’
    Undefined global functions or variables:
     anova boot fRatioStat glm rnorm rpois sumSqCat t.test
    Consider adding
     importFrom("stats", "anova", "glm", "rnorm", "rpois", "t.test")
    to your NAMESPACE file.
Flavors: r-devel-linux-x86_64-debian-clang, r-devel-linux-x86_64-debian-gcc, r-devel-windows-ix86+x86_64, r-patched-linux-x86_64, r-patched-solaris-sparc, r-patched-solaris-x86, r-release-linux-x86_64, r-release-osx-x86_64-mavericks, r-release-windows-ix86+x86_64

Version: 0.4
Flags: --no-stop-on-test-error
Check: DESCRIPTION meta-information
Result: NOTE
    Malformed Title field: should not end in a period.
Flavors: r-devel-linux-x86_64-fedora-clang, r-devel-linux-x86_64-fedora-gcc, r-devel-macos-x86_64-clang

Version: 0.4
Flags: --no-stop-on-test-error
Check: dependencies in R code
Result: NOTE
    Packages in Depends field not imported from:
     ‘EffectsRelBaseline’ ‘boot’
     These packages need to be imported from (in the NAMESPACE file)
     for when this namespace is loaded but not attached.
Flavors: r-devel-linux-x86_64-fedora-clang, r-devel-linux-x86_64-fedora-gcc, r-devel-macos-x86_64-clang

Version: 0.4
Flags: --no-stop-on-test-error
Check: R code for possible problems
Result: NOTE
    catEffectBootAdaptor: no visible binding for global variable ‘sumSqCat’
    compExclusionFraction: no visible global function definition for
     ‘rpois’
    compExclusionFraction: no visible global function definition for
     ‘t.test’
    compExclusionFraction: no visible global function definition for ‘glm’
    compExclusionFraction: no visible global function definition for
     ‘anova’
    compPowerCatSelectivity: no visible binding for global variable
     ‘fRatioStat’
    compPowerGeneralRespDetection: no visible binding for global variable
     ‘sumSqCat’
    compPowerRespDetection: no visible binding for global variable
     ‘sumSqCat’
    compRejectionFraction: no visible global function definition for
     ‘rpois’
    compRejectionFraction: no visible global function definition for
     ‘t.test’
    compRejectionFraction: no visible global function definition for ‘glm’
    compRejectionFraction: no visible global function definition for
     ‘anova’
    simCatResp: no visible global function definition for ‘rpois’
    simNormCatResp: no visible global function definition for ‘rnorm’
    testCatEffectBoot: no visible global function definition for ‘boot’
    Undefined global functions or variables:
     anova boot fRatioStat glm rnorm rpois sumSqCat t.test
    Consider adding
     importFrom("stats", "anova", "glm", "rnorm", "rpois", "t.test")
    to your NAMESPACE file.
Flavors: r-devel-linux-x86_64-fedora-clang, r-devel-linux-x86_64-fedora-gcc, r-devel-macos-x86_64-clang

Version: 0.4
Check: R code for possible problems
Result: NOTE
    catEffectBootAdaptor: no visible binding for global variable 'sumSqCat'
    compPowerCatSelectivity: no visible binding for global variable
     'fRatioStat'
    compPowerGeneralRespDetection: no visible binding for global variable
     'sumSqCat'
    compPowerRespDetection: no visible binding for global variable
     'sumSqCat'
    testCatEffectBoot: no visible global function definition for 'boot'
Flavor: r-oldrel-windows-ix86+x86_64