CRAN Package Check Results for Package R6

Last updated on 2016-12-28 23:47:29.

Flavor Version Tinstall Tcheck Ttotal Status Flags
r-devel-linux-x86_64-debian-clang 2.2.0 0.66 56.49 57.15 OK
r-devel-linux-x86_64-debian-gcc 2.2.0 0.61 55.90 56.50 OK
r-devel-linux-x86_64-fedora-clang 2.2.0 91.09 OK --no-stop-on-test-error
r-devel-linux-x86_64-fedora-gcc 2.2.0 87.76 OK --no-stop-on-test-error
r-devel-macos-x86_64-clang 2.2.0 57.49 OK --no-stop-on-test-error
r-devel-windows-ix86+x86_64 2.2.0 3.00 91.00 94.00 OK
r-patched-linux-x86_64 2.2.0 0.51 47.91 48.42 OK
r-patched-solaris-sparc 2.2.0 139.60 WARN
r-patched-solaris-x86 2.2.0 31.00 WARN
r-release-linux-x86_64 2.2.0 0.57 47.69 48.27 OK
r-release-osx-x86_64-mavericks 2.2.0 OK
r-release-windows-ix86+x86_64 2.2.0 5.00 90.00 95.00 OK
r-oldrel-windows-ix86+x86_64 2.2.0 3.00 71.00 74.00 OK

Check Details

Version: 2.2.0
Check: package dependencies
Result: NOTE
    Package suggested but not available for checking: ‘microbenchmark’
Flavors: r-patched-solaris-sparc, r-patched-solaris-x86

Version: 2.2.0
Check: re-building of vignette outputs
Result: WARN
    Error in re-building vignettes:
     ...
    Warning in engine$weave(file, quiet = quiet, encoding = enc) :
     Pandoc (>= 1.12.3) and/or pandoc-citeproc not available. Falling back to R Markdown v1.
    Warning in engine$weave(file, quiet = quiet, encoding = enc) :
     Pandoc (>= 1.12.3) and/or pandoc-citeproc not available. Falling back to R Markdown v1.
    Warning in engine$weave(file, quiet = quiet, encoding = enc) :
     Pandoc (>= 1.12.3) and/or pandoc-citeproc not available. Falling back to R Markdown v1.
    Quitting from lines 16-31 (Performance.Rmd)
    Error: processing vignette 'Performance.Rmd' failed with diagnostics:
    there is no package called 'microbenchmark'
    Execution halted
Flavors: r-patched-solaris-sparc, r-patched-solaris-x86