CRAN Package Check Results for Package RND

Last updated on 2016-12-28 23:47:33.

Flavor Version Tinstall Tcheck Ttotal Status Flags
r-devel-linux-x86_64-debian-clang 1.1 0.96 24.01 24.97 NOTE
r-devel-linux-x86_64-debian-gcc 1.1 0.88 23.37 24.26 NOTE
r-devel-linux-x86_64-fedora-clang 1.1 40.86 NOTE --no-stop-on-test-error
r-devel-linux-x86_64-fedora-gcc 1.1 39.07 NOTE --no-stop-on-test-error
r-devel-macos-x86_64-clang 1.1 30.54 NOTE --no-stop-on-test-error
r-devel-windows-ix86+x86_64 1.1 4.00 42.00 46.00 NOTE
r-patched-linux-x86_64 1.1 0.77 22.19 22.96 NOTE
r-patched-solaris-sparc 1.1 237.90 NOTE
r-patched-solaris-x86 1.1 46.10 NOTE
r-release-linux-x86_64 1.1 0.82 24.48 25.30 NOTE
r-release-osx-x86_64-mavericks 1.1 NOTE
r-release-windows-ix86+x86_64 1.1 4.00 40.00 44.00 NOTE
r-oldrel-windows-ix86+x86_64 1.1 3.00 40.00 43.00 OK

Check Details

Version: 1.1
Check: R code for possible problems
Result: NOTE
    MOE: no visible global function definition for ‘dlnorm’
    MOE: no visible global function definition for ‘pdf’
    MOE: no visible global function definition for ‘par’
    MOE: no visible global function definition for ‘matplot’
    MOE: no visible global function definition for ‘legend’
    MOE: no visible global function definition for ‘plot’
    MOE: no visible global function definition for ‘points’
    MOE: no visible global function definition for ‘lm’
    MOE: no visible global function definition for ‘abline’
    MOE: no visible global function definition for ‘dev.off’
    MOE: no visible global function definition for ‘write.table’
    bsm.objective: no visible global function definition for ‘pnorm’
    compute.implied.volatility : f: no visible global function definition
     for ‘pnorm’
    compute.implied.volatility: no visible global function definition for
     ‘uniroot’
    dew: no visible global function definition for ‘dlnorm’
    dgb: no visible global function definition for ‘dbeta’
    dmln: no visible global function definition for ‘dlnorm’
    dmln.am: no visible global function definition for ‘dlnorm’
    dshimko: no visible global function definition for ‘dnorm’
    extract.am.density: no visible global function definition for ‘optim’
    extract.bsm.density: no visible global function definition for ‘optim’
    extract.ew.density: no visible global function definition for ‘optim’
    extract.gb.density: no visible global function definition for ‘optim’
    extract.mln.density: no visible global function definition for ‘optim’
    extract.rates: no visible global function definition for ‘lm’
    fit.implied.volatility.curve: no visible global function definition for
     ‘lm’
    pgb: no visible global function definition for ‘pbeta’
    price.am.option: no visible global function definition for ‘pnorm’
    price.bsm.option: no visible global function definition for ‘pnorm’
    price.ew.option: no visible global function definition for ‘dlnorm’
    price.mln.option: no visible global function definition for ‘pnorm’
    price.shimko.option: no visible global function definition for
     ‘integrate’
    Undefined global functions or variables:
     abline dbeta dev.off dlnorm dnorm integrate legend lm matplot optim
     par pbeta pdf plot pnorm points uniroot write.table
    Consider adding
     importFrom("grDevices", "dev.off", "pdf")
     importFrom("graphics", "abline", "legend", "matplot", "par", "plot",
     "points")
     importFrom("stats", "dbeta", "dlnorm", "dnorm", "integrate", "lm",
     "optim", "pbeta", "pnorm", "uniroot")
     importFrom("utils", "write.table")
    to your NAMESPACE file.
Flavors: r-devel-linux-x86_64-debian-clang, r-devel-linux-x86_64-debian-gcc, r-devel-windows-ix86+x86_64, r-patched-linux-x86_64, r-patched-solaris-sparc, r-patched-solaris-x86, r-release-linux-x86_64, r-release-osx-x86_64-mavericks, r-release-windows-ix86+x86_64

Version: 1.1
Flags: --no-stop-on-test-error
Check: R code for possible problems
Result: NOTE
    MOE: no visible global function definition for ‘dlnorm’
    MOE: no visible global function definition for ‘pdf’
    MOE: no visible global function definition for ‘par’
    MOE: no visible global function definition for ‘matplot’
    MOE: no visible global function definition for ‘legend’
    MOE: no visible global function definition for ‘plot’
    MOE: no visible global function definition for ‘points’
    MOE: no visible global function definition for ‘lm’
    MOE: no visible global function definition for ‘abline’
    MOE: no visible global function definition for ‘dev.off’
    MOE: no visible global function definition for ‘write.table’
    bsm.objective: no visible global function definition for ‘pnorm’
    compute.implied.volatility : f: no visible global function definition
     for ‘pnorm’
    compute.implied.volatility: no visible global function definition for
     ‘uniroot’
    dew: no visible global function definition for ‘dlnorm’
    dgb: no visible global function definition for ‘dbeta’
    dmln: no visible global function definition for ‘dlnorm’
    dmln.am: no visible global function definition for ‘dlnorm’
    dshimko: no visible global function definition for ‘dnorm’
    extract.am.density: no visible global function definition for ‘optim’
    extract.bsm.density: no visible global function definition for ‘optim’
    extract.ew.density: no visible global function definition for ‘optim’
    extract.gb.density: no visible global function definition for ‘optim’
    extract.mln.density: no visible global function definition for ‘optim’
    extract.rates: no visible global function definition for ‘lm’
    fit.implied.volatility.curve: no visible global function definition for
     ‘lm’
    pgb: no visible global function definition for ‘pbeta’
    price.am.option: no visible global function definition for ‘pnorm’
    price.bsm.option: no visible global function definition for ‘pnorm’
    price.ew.option: no visible global function definition for ‘dlnorm’
    price.mln.option: no visible global function definition for ‘pnorm’
    price.shimko.option: no visible global function definition for
     ‘integrate’
    Undefined global functions or variables:
     abline dbeta dev.off dlnorm dnorm integrate legend lm matplot optim
     par pbeta pdf plot pnorm points uniroot write.table
    Consider adding
     importFrom("grDevices", "dev.off", "pdf")
     importFrom("graphics", "abline", "legend", "matplot", "par", "plot",
     "points")
     importFrom("stats", "dbeta", "dlnorm", "dnorm", "integrate", "lm",
     "optim", "pbeta", "pnorm", "uniroot")
     importFrom("utils", "write.table")
    to your NAMESPACE file.
Flavors: r-devel-linux-x86_64-fedora-clang, r-devel-linux-x86_64-fedora-gcc, r-devel-macos-x86_64-clang