CRAN Package Check Results for Package RSSL

Last updated on 2016-12-28 23:47:34.

Flavor Version Tinstall Tcheck Ttotal Status Flags
r-devel-linux-x86_64-debian-clang 0.6.1 31.19 116.28 147.46 ERROR
r-devel-linux-x86_64-debian-gcc 0.6.1 33.48 118.63 152.11 OK
r-devel-linux-x86_64-fedora-clang 0.6.1 316.66 OK --no-stop-on-test-error
r-devel-linux-x86_64-fedora-gcc 0.6.1 313.52 ERROR --no-stop-on-test-error
r-devel-macos-x86_64-clang 0.6.1 215.59 ERROR --no-stop-on-test-error
r-devel-windows-ix86+x86_64 0.6.1 128.00 291.00 419.00 OK
r-patched-linux-x86_64 0.6.1 27.27 106.53 133.80 OK
r-patched-solaris-sparc 0.6.1 1805.30 OK
r-patched-solaris-x86 0.6.1 328.90 OK
r-release-linux-x86_64 0.6.1 27.72 105.99 133.71 OK
r-release-osx-x86_64-mavericks 0.6.1 OK
r-release-windows-ix86+x86_64 0.6.1 126.00 231.00 357.00 OK
r-oldrel-windows-ix86+x86_64 0.6.1 88.00 252.00 340.00 OK

Check Details

Version: 0.6.1
Check: tests
Result: ERROR
     Running ‘testthat.R’ [34s/34s]
    Running the tests in ‘tests/testthat.R’ failed.
    Last 13 lines of output:
     plot(lc) produced warnings.
    
    
     3. Failure: LearningCurveSSL does not return error (@test-LearningCurves.R#17) -
     plot(lc) produced warnings.
    
    
     testthat results ================================================================
     OK: 797 SKIPPED: 0 FAILED: 3
     1. Failure: Example Runs (@test-CrossValidation.R#19)
     2. Failure: Example Runs (@test-CrossValidation.R#22)
     3. Failure: LearningCurveSSL does not return error (@test-LearningCurves.R#17)
    
     Error: testthat unit tests failed
     Execution halted
Flavor: r-devel-linux-x86_64-debian-clang

Version: 0.6.1
Flags: --no-stop-on-test-error
Check: tests
Result: ERROR
     Running ‘testthat.R’ [69s/85s]
    Running the tests in ‘tests/testthat.R’ failed.
    Last 13 lines of output:
     plot(lc) produced warnings.
    
    
     3. Failure: LearningCurveSSL does not return error (@test-LearningCurves.R#17) -
     plot(lc) produced warnings.
    
    
     testthat results ================================================================
     OK: 797 SKIPPED: 0 FAILED: 3
     1. Failure: Example Runs (@test-CrossValidation.R#19)
     2. Failure: Example Runs (@test-CrossValidation.R#22)
     3. Failure: LearningCurveSSL does not return error (@test-LearningCurves.R#17)
    
     Error: testthat unit tests failed
     Execution halted
Flavor: r-devel-linux-x86_64-fedora-gcc

Version: 0.6.1
Flags: --no-stop-on-test-error
Check: tests
Result: ERROR
     Running ‘testthat.R’ [45s/59s]
    Running the tests in ‘tests/testthat.R’ failed.
    Last 13 lines of output:
     plot(lc) produced warnings.
    
    
     3. Failure: LearningCurveSSL does not return error (@test-LearningCurves.R#17) -
     plot(lc) produced warnings.
    
    
     testthat results ================================================================
     OK: 797 SKIPPED: 0 FAILED: 3
     1. Failure: Example Runs (@test-CrossValidation.R#19)
     2. Failure: Example Runs (@test-CrossValidation.R#22)
     3. Failure: LearningCurveSSL does not return error (@test-LearningCurves.R#17)
    
     Error: testthat unit tests failed
     Execution halted
Flavor: r-devel-macos-x86_64-clang