Last updated on 2016-12-28 23:47:30.
Flavor | Version | Tinstall | Tcheck | Ttotal | Status | Flags |
---|---|---|---|---|---|---|
r-devel-linux-x86_64-debian-clang | 2.3-1 | 22.13 | 99.35 | 121.48 | OK | |
r-devel-linux-x86_64-debian-gcc | 2.3-1 | 20.10 | 101.19 | 121.28 | OK | |
r-devel-linux-x86_64-fedora-clang | 2.3-1 | 236.52 | NOTE | --no-stop-on-test-error | ||
r-devel-linux-x86_64-fedora-gcc | 2.3-1 | 235.97 | NOTE | --no-stop-on-test-error | ||
r-devel-macos-x86_64-clang | 2.3-1 | 171.09 | NOTE | --no-stop-on-test-error | ||
r-devel-windows-ix86+x86_64 | 2.3-1 | 41.00 | 136.00 | 177.00 | NOTE | |
r-patched-linux-x86_64 | 2.3-1 | 18.32 | 99.89 | 118.22 | OK | |
r-patched-solaris-sparc | 2.3-1 | 1215.50 | NOTE | |||
r-patched-solaris-x86 | 2.3-1 | 272.30 | NOTE | |||
r-release-linux-x86_64 | 2.3-1 | 18.61 | 99.28 | 117.89 | OK | |
r-release-osx-x86_64-mavericks | 2.3-1 | NOTE | ||||
r-release-windows-ix86+x86_64 | 2.3-1 | 51.00 | 183.00 | 234.00 | NOTE | |
r-oldrel-windows-ix86+x86_64 | 2.3-1 | 40.00 | 134.00 | 174.00 | NOTE |
Version: 2.3-1
Flags: --no-stop-on-test-error
Check: installed package size
Result: NOTE
installed size is 7.6Mb
sub-directories of 1Mb or more:
R 1.0Mb
doc 3.8Mb
po 2.2Mb
Flavors: r-devel-linux-x86_64-fedora-clang, r-devel-linux-x86_64-fedora-gcc, r-devel-macos-x86_64-clang
Version: 2.3-1
Check: installed package size
Result: NOTE
installed size is 7.4Mb
sub-directories of 1Mb or more:
R 1.0Mb
doc 3.8Mb
po 2.0Mb
Flavors: r-devel-windows-ix86+x86_64, r-patched-solaris-sparc, r-patched-solaris-x86, r-release-osx-x86_64-mavericks, r-release-windows-ix86+x86_64, r-oldrel-windows-ix86+x86_64