Last updated on 2016-12-28 23:47:32.
Flavor | Version | Tinstall | Tcheck | Ttotal | Status | Flags |
---|---|---|---|---|---|---|
r-devel-linux-x86_64-debian-clang | 0.6-2 | 1.60 | 11.73 | 13.32 | OK | |
r-devel-linux-x86_64-debian-gcc | 0.6-2 | 1.59 | 11.53 | 13.12 | OK | |
r-devel-linux-x86_64-fedora-clang | 0.6-2 | 21.35 | OK | --no-stop-on-test-error | ||
r-devel-linux-x86_64-fedora-gcc | 0.6-2 | 20.39 | OK | --no-stop-on-test-error | ||
r-devel-macos-x86_64-clang | 0.6-2 | 18.65 | OK | --no-stop-on-test-error | ||
r-devel-windows-ix86+x86_64 | 0.6-2 | 30.00 | 34.00 | 64.00 | OK | |
r-patched-linux-x86_64 | 0.6-2 | 1.38 | 10.09 | 11.47 | OK | |
r-patched-solaris-sparc | 0.6-2 | 117.70 | NOTE | |||
r-patched-solaris-x86 | 0.6-2 | 26.60 | NOTE | |||
r-release-linux-x86_64 | 0.6-2 | 1.40 | 10.07 | 11.46 | OK | |
r-release-osx-x86_64-mavericks | 0.6-2 | NOTE | ||||
r-release-windows-ix86+x86_64 | 0.6-2 | 16.00 | 38.00 | 54.00 | OK | |
r-oldrel-windows-ix86+x86_64 | 0.6-2 | 41.00 | 35.00 | 76.00 | OK |
Version: 0.6-2
Check: Rd cross-references
Result: NOTE
Package unavailable to check Rd xrefs: ‘Rsymphony’
Flavors: r-patched-solaris-sparc, r-patched-solaris-x86, r-release-osx-x86_64-mavericks