Last updated on 2016-12-28 23:47:33.
Flavor | Version | Tinstall | Tcheck | Ttotal | Status | Flags |
---|---|---|---|---|---|---|
r-devel-linux-x86_64-debian-clang | 0.5.2 | 23.18 | 19.75 | 42.92 | OK | |
r-devel-linux-x86_64-debian-gcc | 0.5.2 | 24.38 | 20.03 | 44.41 | OK | |
r-devel-linux-x86_64-fedora-clang | 0.5.2 | 81.16 | NOTE | --no-stop-on-test-error | ||
r-devel-linux-x86_64-fedora-gcc | 0.5.2 | 79.00 | NOTE | --no-stop-on-test-error | ||
r-devel-macos-x86_64-clang | 0.5.2 | 58.99 | OK | --no-stop-on-test-error | ||
r-devel-windows-ix86+x86_64 | 0.5.2 | 74.00 | 61.00 | 135.00 | OK | |
r-patched-linux-x86_64 | 0.5.2 | 19.89 | 17.27 | 37.16 | OK | |
r-patched-solaris-sparc | 0.5.2 | 337.30 | OK | |||
r-patched-solaris-x86 | 0.5.2 | 75.10 | OK | |||
r-release-linux-x86_64 | 0.5.2 | 19.77 | 17.31 | 37.08 | OK | |
r-release-osx-x86_64-mavericks | 0.5.2 | NOTE | ||||
r-release-windows-ix86+x86_64 | 0.5.2 | 70.00 | 40.00 | 110.00 | OK | |
r-oldrel-windows-ix86+x86_64 | 0.5.2 | 54.00 | 72.00 | 126.00 | OK |
Version: 0.5.2
Flags: --no-stop-on-test-error
Check: installed package size
Result: NOTE
installed size is 15.7Mb
sub-directories of 1Mb or more:
libs 15.4Mb
Flavors: r-devel-linux-x86_64-fedora-clang, r-devel-linux-x86_64-fedora-gcc
Version: 0.5.2
Check: installed package size
Result: NOTE
installed size is 15.8Mb
sub-directories of 1Mb or more:
libs 15.5Mb
Flavor: r-release-osx-x86_64-mavericks