CRAN Package Check Results for Package RsimMosaic

Last updated on 2016-12-28 23:47:34.

Flavor Version Tinstall Tcheck Ttotal Status Flags
r-devel-linux-x86_64-debian-clang 1.0.2 0.80 18.62 19.42 NOTE
r-devel-linux-x86_64-debian-gcc 1.0.2 0.76 18.54 19.31 NOTE
r-devel-linux-x86_64-fedora-clang 1.0.2 34.54 NOTE --no-stop-on-test-error
r-devel-linux-x86_64-fedora-gcc 1.0.2 32.33 NOTE --no-stop-on-test-error
r-devel-macos-x86_64-clang 1.0.2 28.17 NOTE --no-stop-on-test-error
r-devel-windows-ix86+x86_64 1.0.2 7.00 42.00 49.00 NOTE
r-patched-linux-x86_64 1.0.2 0.78 16.83 17.61 NOTE
r-patched-solaris-sparc 1.0.2 211.10 NOTE
r-patched-solaris-x86 1.0.2 47.60 NOTE
r-release-linux-x86_64 1.0.2 0.72 18.09 18.81 NOTE
r-release-osx-x86_64-mavericks 1.0.2 NOTE
r-release-windows-ix86+x86_64 1.0.2 5.00 36.00 41.00 NOTE
r-oldrel-windows-ix86+x86_64 1.0.2 4.00 61.00 65.00 OK

Check Details

Version: 1.0.2
Check: R code for possible problems
Result: NOTE
    composeMosaicFromImageRandom: no visible global function definition for
     ‘runif’
    composeMosaicFromImageRegular: no visible global function definition
     for ‘runif’
    computeStatisticalQuantitiesTile: no visible global function definition
     for ‘median’
    createLibraryIndexDataFrame: no visible global function definition for
     ‘write.table’
    getCloseMatch: no visible global function definition for ‘runif’
    Undefined global functions or variables:
     median runif write.table
    Consider adding
     importFrom("stats", "median", "runif")
     importFrom("utils", "write.table")
    to your NAMESPACE file.
Flavors: r-devel-linux-x86_64-debian-clang, r-devel-linux-x86_64-debian-gcc, r-devel-windows-ix86+x86_64, r-patched-linux-x86_64, r-patched-solaris-sparc, r-patched-solaris-x86, r-release-linux-x86_64, r-release-osx-x86_64-mavericks, r-release-windows-ix86+x86_64

Version: 1.0.2
Flags: --no-stop-on-test-error
Check: R code for possible problems
Result: NOTE
    composeMosaicFromImageRandom: no visible global function definition for
     ‘runif’
    composeMosaicFromImageRegular: no visible global function definition
     for ‘runif’
    computeStatisticalQuantitiesTile: no visible global function definition
     for ‘median’
    createLibraryIndexDataFrame: no visible global function definition for
     ‘write.table’
    getCloseMatch: no visible global function definition for ‘runif’
    Undefined global functions or variables:
     median runif write.table
    Consider adding
     importFrom("stats", "median", "runif")
     importFrom("utils", "write.table")
    to your NAMESPACE file.
Flavors: r-devel-linux-x86_64-fedora-clang, r-devel-linux-x86_64-fedora-gcc, r-devel-macos-x86_64-clang