Last updated on 2016-12-28 23:47:36.
Flavor | Version | Tinstall | Tcheck | Ttotal | Status | Flags |
---|---|---|---|---|---|---|
r-devel-linux-x86_64-debian-clang | 0.1 | 2.48 | 28.21 | 30.70 | NOTE | |
r-devel-linux-x86_64-debian-gcc | 0.1 | 2.74 | 27.85 | 30.59 | NOTE | |
r-devel-linux-x86_64-fedora-clang | 0.1 | 66.41 | NOTE | --no-stop-on-test-error | ||
r-devel-linux-x86_64-fedora-gcc | 0.1 | 65.33 | NOTE | --no-stop-on-test-error | ||
r-devel-macos-x86_64-clang | 0.1 | 51.44 | NOTE | --no-stop-on-test-error | ||
r-devel-windows-ix86+x86_64 | 0.1 | 9.00 | 71.00 | 80.00 | NOTE | |
r-patched-linux-x86_64 | 0.1 | 2.17 | 25.24 | 27.41 | NOTE | |
r-patched-solaris-sparc | 0.1 | 341.50 | NOTE | |||
r-patched-solaris-x86 | 0.1 | 77.00 | NOTE | |||
r-release-linux-x86_64 | 0.1 | 2.23 | 25.28 | 27.51 | NOTE | |
r-release-osx-x86_64-mavericks | 0.1 | NOTE | ||||
r-release-windows-ix86+x86_64 | 0.1 | 8.00 | 50.00 | 58.00 | NOTE | |
r-oldrel-windows-ix86+x86_64 | 0.1 | 7.00 | 78.00 | 85.00 | NOTE |
Version: 0.1
Check: dependencies in R code
Result: NOTE
Package in Depends field not imported from: ‘JM’
These packages need to be imported from (in the NAMESPACE file)
for when this namespace is loaded but not attached.
Flavors: r-devel-linux-x86_64-debian-clang, r-devel-linux-x86_64-debian-gcc, r-devel-windows-ix86+x86_64, r-patched-linux-x86_64, r-patched-solaris-sparc, r-patched-solaris-x86, r-release-linux-x86_64, r-release-osx-x86_64-mavericks, r-release-windows-ix86+x86_64, r-oldrel-windows-ix86+x86_64
Version: 0.1
Check: R code for possible problems
Result: NOTE
SEchart: no visible global function definition for ‘plot’
SEchart: no visible global function definition for ‘rect’
SEchart: no visible global function definition for ‘par’
SEchart: no visible global function definition for ‘grid’
SEchart: no visible global function definition for ‘axis’
SEchart: no visible global function definition for ‘text’
SEchart: no visible global function definition for ‘lines’
SEchart: no visible global function definition for ‘heat.colors’
SEchart: no visible global function definition for ‘topo.colors’
SEchart: no visible global function definition for ‘cm.colors’
SEchart: no visible global function definition for ‘terrain.colors’
SEchart: no visible global function definition for ‘gray.colors’
SEchart: no visible global function definition for ‘rainbow’
SEchart: no visible global function definition for ‘points’
SEchart: no visible global function definition for ‘legend’
Undefined global functions or variables:
axis cm.colors gray.colors grid heat.colors legend lines par plot
points rainbow rect terrain.colors text topo.colors
Consider adding
importFrom("grDevices", "cm.colors", "gray.colors", "heat.colors",
"rainbow", "terrain.colors", "topo.colors")
importFrom("graphics", "axis", "grid", "legend", "lines", "par",
"plot", "points", "rect", "text")
to your NAMESPACE file.
Flavors: r-devel-linux-x86_64-debian-clang, r-devel-linux-x86_64-debian-gcc, r-devel-windows-ix86+x86_64, r-patched-linux-x86_64, r-patched-solaris-sparc, r-patched-solaris-x86, r-release-linux-x86_64, r-release-osx-x86_64-mavericks, r-release-windows-ix86+x86_64
Version: 0.1
Flags: --no-stop-on-test-error
Check: dependencies in R code
Result: NOTE
Package in Depends field not imported from: ‘JM’
These packages need to be imported from (in the NAMESPACE file)
for when this namespace is loaded but not attached.
Flavors: r-devel-linux-x86_64-fedora-clang, r-devel-linux-x86_64-fedora-gcc, r-devel-macos-x86_64-clang
Version: 0.1
Flags: --no-stop-on-test-error
Check: R code for possible problems
Result: NOTE
SEchart: no visible global function definition for ‘plot’
SEchart: no visible global function definition for ‘rect’
SEchart: no visible global function definition for ‘par’
SEchart: no visible global function definition for ‘grid’
SEchart: no visible global function definition for ‘axis’
SEchart: no visible global function definition for ‘text’
SEchart: no visible global function definition for ‘lines’
SEchart: no visible global function definition for ‘heat.colors’
SEchart: no visible global function definition for ‘topo.colors’
SEchart: no visible global function definition for ‘cm.colors’
SEchart: no visible global function definition for ‘terrain.colors’
SEchart: no visible global function definition for ‘gray.colors’
SEchart: no visible global function definition for ‘rainbow’
SEchart: no visible global function definition for ‘points’
SEchart: no visible global function definition for ‘legend’
Undefined global functions or variables:
axis cm.colors gray.colors grid heat.colors legend lines par plot
points rainbow rect terrain.colors text topo.colors
Consider adding
importFrom("grDevices", "cm.colors", "gray.colors", "heat.colors",
"rainbow", "terrain.colors", "topo.colors")
importFrom("graphics", "axis", "grid", "legend", "lines", "par",
"plot", "points", "rect", "text")
to your NAMESPACE file.
Flavors: r-devel-linux-x86_64-fedora-clang, r-devel-linux-x86_64-fedora-gcc, r-devel-macos-x86_64-clang