CRAN Package Check Results for Package SNscan

Last updated on 2016-12-28 23:47:37.

Flavor Version Tinstall Tcheck Ttotal Status Flags
r-devel-linux-x86_64-debian-clang 1.0 2.27 27.92 30.19 ERROR
r-devel-linux-x86_64-debian-gcc 1.0 2.16 27.84 30.00 ERROR
r-devel-linux-x86_64-fedora-clang 1.0 56.07 ERROR --no-stop-on-test-error
r-devel-linux-x86_64-fedora-gcc 1.0 56.77 ERROR --no-stop-on-test-error
r-devel-macos-x86_64-clang 1.0 45.08 ERROR --no-stop-on-test-error
r-devel-windows-ix86+x86_64 1.0 10.00 83.00 93.00 ERROR
r-patched-linux-x86_64 1.0 2.24 25.98 28.23 ERROR
r-patched-solaris-sparc 1.0 312.80 ERROR
r-patched-solaris-x86 1.0 69.40 ERROR
r-release-linux-x86_64 1.0 2.15 25.57 27.72 ERROR
r-release-osx-x86_64-mavericks 1.0 OK
r-release-windows-ix86+x86_64 1.0 9.00 47.00 56.00 ERROR
r-oldrel-windows-ix86+x86_64 1.0 6.00 48.00 54.00 ERROR

Check Details

Version: 1.0
Check: examples
Result: ERROR
    Running examples in ‘SNscan-Ex.R’ failed
    The error most likely occurred in:
    
    > base::assign(".ptime", proc.time(), pos = "CheckExEnv")
    > ### Name: network.scan
    > ### Title: Network Scan Statistic
    > ### Aliases: network.scan
    > ### Keywords: scanning method
    >
    > ### ** Examples
    >
    > data(karate)
    >
    > ks=network.scan(g=karate,radius=3,attribute=NULL,
    + model="pois.stat",pattern="structure")
    This graph was created by an old(er) igraph version.
     Call upgrade_graph() on it to use with the current igraph version
     For now we convert it on the fly...
    This graph was created by an old(er) igraph version.
     Call upgrade_graph() on it to use with the current igraph version
     For now we convert it on the fly...
    This graph was created by an old(er) igraph version.
     Call upgrade_graph() on it to use with the current igraph version
     For now we convert it on the fly...
    This graph was created by an old(er) igraph version.
     Call upgrade_graph() on it to use with the current igraph version
     For now we convert it on the fly...
    This graph was created by an old(er) igraph version.
     Call upgrade_graph() on it to use with the current igraph version
     For now we convert it on the fly...
    This graph was created by an old(er) igraph version.
     Call upgrade_graph() on it to use with the current igraph version
     For now we convert it on the fly...
    Error in UseMethod("apply") :
     no applicable method for 'apply' applied to an object of class "c('matrix', 'double', 'numeric')"
    Calls: network.scan -> apply -> apply
    Execution halted
Flavors: r-devel-linux-x86_64-debian-clang, r-devel-linux-x86_64-debian-gcc, r-patched-linux-x86_64, r-release-linux-x86_64

Version: 1.0
Flags: --no-stop-on-test-error
Check: examples
Result: ERROR
    Running examples in ‘SNscan-Ex.R’ failed
    The error most likely occurred in:
    
    > ### Name: network.scan
    > ### Title: Network Scan Statistic
    > ### Aliases: network.scan
    > ### Keywords: scanning method
    >
    > ### ** Examples
    >
    > data(karate)
    >
    > ks=network.scan(g=karate,radius=3,attribute=NULL,
    + model="pois.stat",pattern="structure")
    This graph was created by an old(er) igraph version.
     Call upgrade_graph() on it to use with the current igraph version
     For now we convert it on the fly...
    This graph was created by an old(er) igraph version.
     Call upgrade_graph() on it to use with the current igraph version
     For now we convert it on the fly...
    This graph was created by an old(er) igraph version.
     Call upgrade_graph() on it to use with the current igraph version
     For now we convert it on the fly...
    This graph was created by an old(er) igraph version.
     Call upgrade_graph() on it to use with the current igraph version
     For now we convert it on the fly...
    This graph was created by an old(er) igraph version.
     Call upgrade_graph() on it to use with the current igraph version
     For now we convert it on the fly...
    This graph was created by an old(er) igraph version.
     Call upgrade_graph() on it to use with the current igraph version
     For now we convert it on the fly...
    Error in UseMethod("apply") :
     no applicable method for 'apply' applied to an object of class "c('matrix', 'double', 'numeric')"
    Calls: network.scan -> apply -> apply
    Execution halted
Flavors: r-devel-linux-x86_64-fedora-clang, r-devel-linux-x86_64-fedora-gcc, r-devel-macos-x86_64-clang

Version: 1.0
Check: examples
Result: ERROR
    Running examples in 'SNscan-Ex.R' failed
    The error most likely occurred in:
    
    > ### Name: network.scan
    > ### Title: Network Scan Statistic
    > ### Aliases: network.scan
    > ### Keywords: scanning method
    >
    > ### ** Examples
    >
    > data(karate)
    >
    > ks=network.scan(g=karate,radius=3,attribute=NULL,
    + model="pois.stat",pattern="structure")
    This graph was created by an old(er) igraph version.
     Call upgrade_graph() on it to use with the current igraph version
     For now we convert it on the fly...
    This graph was created by an old(er) igraph version.
     Call upgrade_graph() on it to use with the current igraph version
     For now we convert it on the fly...
    This graph was created by an old(er) igraph version.
     Call upgrade_graph() on it to use with the current igraph version
     For now we convert it on the fly...
    This graph was created by an old(er) igraph version.
     Call upgrade_graph() on it to use with the current igraph version
     For now we convert it on the fly...
    This graph was created by an old(er) igraph version.
     Call upgrade_graph() on it to use with the current igraph version
     For now we convert it on the fly...
    This graph was created by an old(er) igraph version.
     Call upgrade_graph() on it to use with the current igraph version
     For now we convert it on the fly...
    Error in UseMethod("apply") :
     no applicable method for 'apply' applied to an object of class "c('matrix', 'double', 'numeric')"
    Calls: network.scan -> apply -> apply
    Execution halted
Flavors: r-devel-windows-ix86+x86_64, r-patched-solaris-sparc, r-patched-solaris-x86, r-release-windows-ix86+x86_64, r-oldrel-windows-ix86+x86_64