Last updated on 2016-12-28 23:47:36.
Flavor | Version | Tinstall | Tcheck | Ttotal | Status | Flags |
---|---|---|---|---|---|---|
r-devel-linux-x86_64-debian-clang | 1.10.3 | 10.82 | 119.56 | 130.39 | OK | |
r-devel-linux-x86_64-debian-gcc | 1.10.3 | 10.67 | 119.65 | 130.32 | OK | |
r-devel-linux-x86_64-fedora-clang | 1.10.3 | 285.41 | OK | --no-stop-on-test-error | ||
r-devel-linux-x86_64-fedora-gcc | 1.10.3 | 288.03 | OK | --no-stop-on-test-error | ||
r-devel-macos-x86_64-clang | 1.10.3 | 206.57 | OK | --no-stop-on-test-error | ||
r-devel-windows-ix86+x86_64 | 1.10.3 | 23.00 | 292.00 | 315.00 | OK | |
r-patched-linux-x86_64 | 1.10.3 | 10.97 | 114.02 | 124.99 | OK | |
r-patched-solaris-sparc | 1.10.3 | 1540.90 | OK | |||
r-patched-solaris-x86 | 1.10.3 | 326.40 | OK | |||
r-release-linux-x86_64 | 1.10.3 | 10.98 | 112.58 | 123.55 | OK | |
r-release-osx-x86_64-mavericks | 1.10.3 | OK | ||||
r-release-windows-ix86+x86_64 | 1.10.3 | 42.00 | 232.00 | 274.00 | OK | |
r-oldrel-windows-ix86+x86_64 | 1.10.3 | 11.00 | 2.00 | 13.00 | ERROR |
Version: 1.10.3
Check: whether package can be installed
Result: ERROR
Installation failed.
Flavor: r-oldrel-windows-ix86+x86_64