Last updated on 2016-12-28 23:47:36.
Flavor | Version | Tinstall | Tcheck | Ttotal | Status | Flags |
---|---|---|---|---|---|---|
r-devel-linux-x86_64-debian-clang | 0.2 | 0.61 | 10.87 | 11.48 | OK | |
r-devel-linux-x86_64-debian-gcc | 0.2 | 0.60 | 10.73 | 11.34 | OK | |
r-devel-linux-x86_64-fedora-clang | 0.2 | 18.72 | NOTE | --no-stop-on-test-error | ||
r-devel-linux-x86_64-fedora-gcc | 0.2 | 18.09 | NOTE | --no-stop-on-test-error | ||
r-devel-macos-x86_64-clang | 0.2 | 16.32 | NOTE | --no-stop-on-test-error | ||
r-devel-windows-ix86+x86_64 | 0.2 | 3.00 | 34.00 | 37.00 | OK | |
r-patched-linux-x86_64 | 0.2 | 0.52 | 9.05 | 9.57 | OK | |
r-patched-solaris-sparc | 0.2 | 104.60 | NOTE | |||
r-patched-solaris-x86 | 0.2 | 24.10 | NOTE | |||
r-release-linux-x86_64 | 0.2 | 0.59 | 8.88 | 9.47 | OK | |
r-release-osx-x86_64-mavericks | 0.2 | NOTE | ||||
r-release-windows-ix86+x86_64 | 0.2 | 2.00 | 25.00 | 27.00 | OK | |
r-oldrel-windows-ix86+x86_64 | 0.2 | 3.00 | 24.00 | 27.00 | NOTE |
Version: 0.2
Flags: --no-stop-on-test-error
Check: dependencies in R code
Result: NOTE
Namespace in Imports field not imported from: ‘pracma’
All declared Imports should be used.
Flavors: r-devel-linux-x86_64-fedora-clang, r-devel-linux-x86_64-fedora-gcc, r-devel-macos-x86_64-clang
Version: 0.2
Check: dependencies in R code
Result: NOTE
Namespace in Imports field not imported from: ‘pracma’
All declared Imports should be used.
Flavors: r-patched-solaris-sparc, r-patched-solaris-x86, r-release-osx-x86_64-mavericks, r-oldrel-windows-ix86+x86_64