Last updated on 2016-12-28 23:47:40.
Flavor | Version | Tinstall | Tcheck | Ttotal | Status | Flags |
---|---|---|---|---|---|---|
r-devel-linux-x86_64-debian-clang | 1.995-0 | 53.91 | 114.65 | 168.56 | OK | |
r-devel-linux-x86_64-debian-gcc | 1.995-0 | 59.87 | 115.48 | 175.35 | OK | |
r-devel-linux-x86_64-fedora-clang | 1.995-0 | 346.42 | OK | --no-stop-on-test-error | ||
r-devel-linux-x86_64-fedora-gcc | 1.995-0 | 344.98 | NOTE | --no-stop-on-test-error | ||
r-devel-macos-x86_64-clang | 1.995-0 | 240.94 | OK | --no-stop-on-test-error | ||
r-devel-windows-ix86+x86_64 | 1.995-0 | 241.00 | 226.00 | 467.00 | OK | |
r-patched-linux-x86_64 | 1.995-0 | 49.78 | 98.93 | 148.72 | OK | |
r-patched-solaris-sparc | 1.995-0 | 1723.80 | OK | |||
r-patched-solaris-x86 | 1.995-0 | 337.60 | OK | |||
r-release-linux-x86_64 | 1.995-0 | 50.03 | 101.15 | 151.18 | OK | |
r-release-osx-x86_64-mavericks | 1.995-0 | OK | ||||
r-release-windows-ix86+x86_64 | 1.995-0 | 234.00 | 179.00 | 413.00 | OK | |
r-oldrel-windows-ix86+x86_64 | 1.995-0 | 152.00 | 300.00 | 452.00 | OK |
Version: 1.995-0
Flags: --no-stop-on-test-error
Check: installed package size
Result: NOTE
installed size is 5.7Mb
sub-directories of 1Mb or more:
libs 4.6Mb
Flavor: r-devel-linux-x86_64-fedora-gcc