CRAN Package Check Results for Package TSPred

Last updated on 2016-12-28 23:47:41.

Flavor Version Tinstall Tcheck Ttotal Status Flags
r-devel-linux-x86_64-debian-clang 2.0 2.15 44.55 46.70 NOTE
r-devel-linux-x86_64-debian-gcc 2.0 2.18 41.34 43.52 NOTE
r-devel-linux-x86_64-fedora-clang 2.0 84.52 NOTE --no-stop-on-test-error
r-devel-linux-x86_64-fedora-gcc 2.0 80.03 NOTE --no-stop-on-test-error
r-devel-macos-x86_64-clang 2.0 62.89 NOTE --no-stop-on-test-error
r-devel-windows-ix86+x86_64 2.0 9.00 104.00 113.00 NOTE
r-patched-linux-x86_64 2.0 2.00 39.85 41.85 NOTE
r-patched-solaris-sparc 2.0 552.40 NOTE
r-patched-solaris-x86 2.0 101.30 NOTE
r-release-linux-x86_64 2.0 1.90 39.14 41.04 NOTE
r-release-osx-x86_64-mavericks 2.0 NOTE
r-release-windows-ix86+x86_64 2.0 10.00 67.00 77.00 NOTE
r-oldrel-windows-ix86+x86_64 2.0 8.00 123.00 131.00 OK

Check Details

Version: 2.0
Check: R code for possible problems
Result: NOTE
    arimainterp: no visible binding for global variable ‘head’
    arimainterp: no visible binding for global variable ‘na.omit’
    arimainterp: no visible binding for global variable ‘tail’
    arimapar: no visible binding for global variable ‘na.omit’
    arimapar: no visible global function definition for ‘tail’
    arimapred: no visible binding for global variable ‘na.omit’
    arimapred: no visible global function definition for ‘predict’
    marimapar: no visible binding for global variable ‘na.omit’
    marimapred: no visible binding for global variable ‘na.omit’
    plotarimapred: no visible global function definition for ‘plot’
    plotarimapred: no visible global function definition for ‘lines’
    Undefined global functions or variables:
     head lines na.omit plot predict tail
    Consider adding
     importFrom("graphics", "lines", "plot")
     importFrom("stats", "na.omit", "predict")
     importFrom("utils", "head", "tail")
    to your NAMESPACE file.
Flavors: r-devel-linux-x86_64-debian-clang, r-devel-linux-x86_64-debian-gcc, r-devel-windows-ix86+x86_64, r-patched-linux-x86_64, r-patched-solaris-sparc, r-patched-solaris-x86, r-release-linux-x86_64, r-release-osx-x86_64-mavericks, r-release-windows-ix86+x86_64

Version: 2.0
Flags: --no-stop-on-test-error
Check: R code for possible problems
Result: NOTE
    arimainterp: no visible binding for global variable ‘head’
    arimainterp: no visible binding for global variable ‘na.omit’
    arimainterp: no visible binding for global variable ‘tail’
    arimapar: no visible binding for global variable ‘na.omit’
    arimapar: no visible global function definition for ‘tail’
    arimapred: no visible binding for global variable ‘na.omit’
    arimapred: no visible global function definition for ‘predict’
    marimapar: no visible binding for global variable ‘na.omit’
    marimapred: no visible binding for global variable ‘na.omit’
    plotarimapred: no visible global function definition for ‘plot’
    plotarimapred: no visible global function definition for ‘lines’
    Undefined global functions or variables:
     head lines na.omit plot predict tail
    Consider adding
     importFrom("graphics", "lines", "plot")
     importFrom("stats", "na.omit", "predict")
     importFrom("utils", "head", "tail")
    to your NAMESPACE file.
Flavors: r-devel-linux-x86_64-fedora-clang, r-devel-linux-x86_64-fedora-gcc, r-devel-macos-x86_64-clang