CRAN Package Check Results for Package TrackReconstruction

Last updated on 2016-12-28 23:47:41.

Flavor Version Tinstall Tcheck Ttotal Status Flags
r-devel-linux-x86_64-debian-clang 1.1 2.25 67.51 69.76 NOTE
r-devel-linux-x86_64-debian-gcc 1.1 1.98 67.05 69.03 NOTE
r-devel-linux-x86_64-fedora-clang 1.1 140.66 NOTE --no-stop-on-test-error
r-devel-linux-x86_64-fedora-gcc 1.1 137.13 NOTE --no-stop-on-test-error
r-devel-macos-x86_64-clang 1.1 102.33 NOTE --no-stop-on-test-error
r-devel-windows-ix86+x86_64 1.1 9.00 142.00 151.00 NOTE
r-patched-linux-x86_64 1.1 1.88 63.32 65.20 NOTE
r-patched-solaris-sparc 1.1 881.10 NOTE
r-patched-solaris-x86 1.1 165.60 NOTE
r-release-linux-x86_64 1.1 1.74 65.17 66.91 NOTE
r-release-osx-x86_64-mavericks 1.1 NOTE
r-release-windows-ix86+x86_64 1.1 8.00 113.00 121.00 NOTE
r-oldrel-windows-ix86+x86_64 1.1 7.00 170.00 177.00 NOTE

Check Details

Version: 1.1
Check: DESCRIPTION meta-information
Result: NOTE
    Malformed Title field: should not end in a period.
Flavors: r-devel-linux-x86_64-debian-clang, r-devel-linux-x86_64-debian-gcc, r-devel-windows-ix86+x86_64, r-patched-linux-x86_64, r-patched-solaris-sparc, r-patched-solaris-x86, r-release-linux-x86_64, r-release-osx-x86_64-mavericks, r-release-windows-ix86+x86_64, r-oldrel-windows-ix86+x86_64

Version: 1.1
Check: R code for possible problems
Result: NOTE
    DeadReckoning: no visible global function definition for ‘filter’
    DeadReckoning: no visible global function definition for ‘approx’
    DeadReckoning: no visible global function definition for ‘lm’
    Mapper: no visible global function definition for ‘colorRampPalette’
    Mapper: no visible global function definition for ‘terrain.colors’
    Mapper: no visible global function definition for ‘points’
    Mapper: no visible global function definition for ‘axis’
    Standardize: no visible global function definition for ‘lm’
    Undefined global functions or variables:
     approx axis colorRampPalette filter lm points terrain.colors
    Consider adding
     importFrom("grDevices", "colorRampPalette", "terrain.colors")
     importFrom("graphics", "axis", "points")
     importFrom("stats", "approx", "filter", "lm")
    to your NAMESPACE file.
Flavors: r-devel-linux-x86_64-debian-clang, r-devel-linux-x86_64-debian-gcc, r-devel-windows-ix86+x86_64, r-patched-linux-x86_64, r-patched-solaris-sparc, r-patched-solaris-x86, r-release-linux-x86_64, r-release-osx-x86_64-mavericks, r-release-windows-ix86+x86_64

Version: 1.1
Flags: --no-stop-on-test-error
Check: DESCRIPTION meta-information
Result: NOTE
    Malformed Title field: should not end in a period.
Flavors: r-devel-linux-x86_64-fedora-clang, r-devel-linux-x86_64-fedora-gcc, r-devel-macos-x86_64-clang

Version: 1.1
Flags: --no-stop-on-test-error
Check: R code for possible problems
Result: NOTE
    DeadReckoning: no visible global function definition for ‘filter’
    DeadReckoning: no visible global function definition for ‘approx’
    DeadReckoning: no visible global function definition for ‘lm’
    Mapper: no visible global function definition for ‘colorRampPalette’
    Mapper: no visible global function definition for ‘terrain.colors’
    Mapper: no visible global function definition for ‘points’
    Mapper: no visible global function definition for ‘axis’
    Standardize: no visible global function definition for ‘lm’
    Undefined global functions or variables:
     approx axis colorRampPalette filter lm points terrain.colors
    Consider adding
     importFrom("grDevices", "colorRampPalette", "terrain.colors")
     importFrom("graphics", "axis", "points")
     importFrom("stats", "approx", "filter", "lm")
    to your NAMESPACE file.
Flavors: r-devel-linux-x86_64-fedora-clang, r-devel-linux-x86_64-fedora-gcc, r-devel-macos-x86_64-clang