Last updated on 2016-12-28 23:47:42.
Flavor | Version | Tinstall | Tcheck | Ttotal | Status | Flags |
---|---|---|---|---|---|---|
r-devel-linux-x86_64-debian-clang | 0.8-5 | 4.56 | 63.00 | 67.56 | OK | |
r-devel-linux-x86_64-debian-gcc | 0.8-5 | 6.00 | 63.40 | 69.40 | OK | |
r-devel-linux-x86_64-fedora-clang | 0.8-5 | 143.52 | NOTE | --no-stop-on-test-error | ||
r-devel-linux-x86_64-fedora-gcc | 0.8-5 | 141.85 | NOTE | --no-stop-on-test-error | ||
r-devel-macos-x86_64-clang | 0.8-5 | 106.26 | NOTE | --no-stop-on-test-error | ||
r-devel-windows-ix86+x86_64 | 0.8-5 | 18.00 | 139.00 | 157.00 | NOTE | |
r-patched-linux-x86_64 | 0.8-5 | 4.71 | 56.32 | 61.03 | OK | |
r-patched-solaris-sparc | 0.8-5 | 685.80 | NOTE | |||
r-patched-solaris-x86 | 0.8-5 | 165.70 | NOTE | |||
r-release-linux-x86_64 | 0.8-5 | 7.56 | 55.44 | 63.01 | OK | |
r-release-osx-x86_64-mavericks | 0.8-5 | NOTE | ||||
r-release-windows-ix86+x86_64 | 0.8-5 | 22.00 | 107.00 | 129.00 | NOTE | |
r-oldrel-windows-ix86+x86_64 | 0.8-5 | 18.00 | 128.00 | 146.00 | NOTE |
Version: 0.8-5
Flags: --no-stop-on-test-error
Check: installed package size
Result: NOTE
installed size is 11.4Mb
sub-directories of 1Mb or more:
extdata 10.8Mb
Flavors: r-devel-linux-x86_64-fedora-clang, r-devel-linux-x86_64-fedora-gcc, r-devel-macos-x86_64-clang
Version: 0.8-5
Check: installed package size
Result: NOTE
installed size is 11.4Mb
sub-directories of 1Mb or more:
extdata 10.8Mb
Flavors: r-devel-windows-ix86+x86_64, r-patched-solaris-sparc, r-patched-solaris-x86, r-release-osx-x86_64-mavericks, r-release-windows-ix86+x86_64, r-oldrel-windows-ix86+x86_64