Last updated on 2016-12-28 23:47:00.
Flavor | Version | Tinstall | Tcheck | Ttotal | Status | Flags |
---|---|---|---|---|---|---|
r-devel-linux-x86_64-debian-clang | 1.0.0 | 0.64 | 21.54 | 22.18 | OK | |
r-devel-linux-x86_64-debian-gcc | 1.0.0 | 0.73 | 21.55 | 22.28 | OK | |
r-devel-linux-x86_64-fedora-clang | 1.0.0 | 20.09 | OK | --no-stop-on-test-error | ||
r-devel-linux-x86_64-fedora-gcc | 1.0.0 | 18.95 | OK | --no-stop-on-test-error | ||
r-devel-macos-x86_64-clang | 1.0.0 | 18.26 | OK | --no-stop-on-test-error | ||
r-devel-windows-ix86+x86_64 | 1.0.0 | 4.00 | 41.00 | 45.00 | OK | |
r-patched-linux-x86_64 | 1.0.0 | 0.66 | 19.83 | 20.48 | OK | |
r-patched-solaris-sparc | 1.0.0 | 110.10 | OK | |||
r-patched-solaris-x86 | 1.0.0 | 27.10 | OK | |||
r-release-linux-x86_64 | 1.0.0 | 0.56 | 19.93 | 20.49 | OK | |
r-release-osx-x86_64-mavericks | 1.0.0 | WARN | ||||
r-release-windows-ix86+x86_64 | 1.0.0 | 5.00 | 35.00 | 40.00 | OK | |
r-oldrel-windows-ix86+x86_64 | 1.0.0 | 3.00 | 33.00 | 36.00 | OK |
Version: 1.0.0
Check: dependencies in R code
Result: NOTE
Invalid MIT-MAGIC-COOKIE-1 key
Flavor: r-release-osx-x86_64-mavericks
Version: 1.0.0
Check: S3 generic/method consistency
Result: WARN
Invalid MIT-MAGIC-COOKIE-1 key
See section ‘Generic functions and methods’ in the ‘Writing R
Extensions’ manual.
Flavor: r-release-osx-x86_64-mavericks
Version: 1.0.0
Check: replacement functions
Result: WARN
Invalid MIT-MAGIC-COOKIE-1 key
The argument of a replacement function which corresponds to the right
hand side must be named ‘value’.
Flavor: r-release-osx-x86_64-mavericks
Version: 1.0.0
Check: foreign function calls
Result: NOTE
Invalid MIT-MAGIC-COOKIE-1 key
See chapter ‘System and foreign language interfaces’ in the ‘Writing R
Extensions’ manual.
Flavor: r-release-osx-x86_64-mavericks
Version: 1.0.0
Check: R code for possible problems
Result: NOTE
Invalid MIT-MAGIC-COOKIE-1 key
Flavor: r-release-osx-x86_64-mavericks
Version: 1.0.0
Check: for missing documentation entries
Result: WARN
Invalid MIT-MAGIC-COOKIE-1 key
All user-level objects in a package should have documentation entries.
See chapter ‘Writing R documentation files’ in the ‘Writing R
Extensions’ manual.
Flavor: r-release-osx-x86_64-mavericks
Version: 1.0.0
Check: for code/documentation mismatches
Result: WARN
Invalid MIT-MAGIC-COOKIE-1 key
Invalid MIT-MAGIC-COOKIE-1 key
Invalid MIT-MAGIC-COOKIE-1 key
Flavor: r-release-osx-x86_64-mavericks
Version: 1.0.0
Check: Rd \usage sections
Result: NOTE
Invalid MIT-MAGIC-COOKIE-1 key
The \usage entries for S3 methods should use the \method markup and not
their full name.
See chapter ‘Writing R documentation files’ in the ‘Writing R
Extensions’ manual.
Flavor: r-release-osx-x86_64-mavericks