CRAN Package Check Results for Package apcluster

Last updated on 2016-12-28 23:47:00.

Flavor Version Tinstall Tcheck Ttotal Status Flags
r-devel-linux-x86_64-debian-clang 1.4.3 21.56 72.24 93.79 OK
r-devel-linux-x86_64-debian-gcc 1.4.3 22.31 71.44 93.75 OK
r-devel-linux-x86_64-fedora-clang 1.4.3 200.77 OK --no-stop-on-test-error
r-devel-linux-x86_64-fedora-gcc 1.4.3 194.34 OK --no-stop-on-test-error
r-devel-macos-x86_64-clang 1.4.3 134.71 OK --no-stop-on-test-error
r-devel-windows-ix86+x86_64 1.4.3 88.00 194.00 282.00 OK
r-patched-linux-x86_64 1.4.3 18.78 65.43 84.21 OK
r-patched-solaris-sparc 1.4.3 847.00 NOTE --no-vignettes
r-patched-solaris-x86 1.4.3 172.30 WARN
r-release-linux-x86_64 1.4.3 19.03 65.75 84.78 OK
r-release-osx-x86_64-mavericks 1.4.3 OK
r-release-windows-ix86+x86_64 1.4.3 91.00 175.00 266.00 OK
r-oldrel-windows-ix86+x86_64 1.4.3 66.00 153.00 219.00 OK

Check Details

Version: 1.4.3
Flags: --no-vignettes
Check: package dependencies
Result: NOTE
    Package suggested but not available for checking: ‘kebabs’
Flavor: r-patched-solaris-sparc

Version: 1.4.3
Check: package dependencies
Result: NOTE
    Package suggested but not available for checking: ‘kebabs’
Flavor: r-patched-solaris-x86

Version: 1.4.3
Check: re-building of vignette outputs
Result: WARN
    Error in re-building vignettes:
     ...
    Quitting from lines 31-44 (apcluster.Rnw)
    Error: processing vignette 'apcluster.Rnw' failed with diagnostics:
    there is no package called 'kebabs'
    Execution halted
Flavor: r-patched-solaris-x86