CRAN Package Check Results for Package bastah

Last updated on 2016-12-28 23:47:01.

Flavor Version Tinstall Tcheck Ttotal Status Flags
r-devel-linux-x86_64-debian-clang 1.0.7 2.51 31.94 34.45 OK
r-devel-linux-x86_64-debian-gcc 1.0.7 2.56 32.14 34.70 OK
r-devel-linux-x86_64-fedora-clang 1.0.7 77.19 OK --no-stop-on-test-error
r-devel-linux-x86_64-fedora-gcc 1.0.7 75.96 OK --no-stop-on-test-error
r-devel-macos-x86_64-clang 1.0.7 57.58 OK --no-stop-on-test-error
r-devel-windows-ix86+x86_64 1.0.7 11.00 82.00 93.00 NOTE
r-patched-linux-x86_64 1.0.7 2.41 28.55 30.96 OK
r-patched-solaris-sparc 1.0.7 400.40 OK
r-patched-solaris-x86 1.0.7 88.60 OK
r-release-linux-x86_64 1.0.7 2.41 28.86 31.27 OK
r-release-osx-x86_64-mavericks 1.0.7 OK
r-release-windows-ix86+x86_64 1.0.7 10.00 54.00 64.00 NOTE
r-oldrel-windows-ix86+x86_64 1.0.7 8.00 52.00 60.00 NOTE

Check Details

Version: 1.0.7
Check: package dependencies
Result: NOTE
    Packages which this enhances but not available for checking:
     'doMC' 'rPython'
Flavors: r-devel-windows-ix86+x86_64, r-release-windows-ix86+x86_64, r-oldrel-windows-ix86+x86_64