CRAN Package Check Results for Package bmlm

Last updated on 2016-12-28 23:47:03.

Flavor Version Tinstall Tcheck Ttotal Status Flags
r-devel-linux-x86_64-debian-clang 1.2.9 73.42 36.80 110.22 OK
r-devel-linux-x86_64-debian-gcc 1.2.9 71.86 35.98 107.84 OK
r-devel-linux-x86_64-fedora-clang 1.2.9 201.99 NOTE --no-stop-on-test-error
r-devel-linux-x86_64-fedora-gcc 1.2.9 204.04 NOTE --no-stop-on-test-error
r-devel-macos-x86_64-clang 1.2.9 140.62 NOTE --no-stop-on-test-error
r-devel-windows-ix86+x86_64 1.2.9 180.00 89.00 269.00 OK
r-patched-linux-x86_64 1.2.9 65.21 29.56 94.78 OK
r-patched-solaris-sparc 1.2.9 838.40 NOTE
r-patched-solaris-x86 1.2.9 190.70 NOTE
r-release-linux-x86_64 1.2.9 63.98 29.77 93.75 OK
r-release-osx-x86_64-mavericks 1.2.9 NOTE
r-release-windows-ix86+x86_64 1.2.9 219.00 99.00 318.00 OK
r-oldrel-windows-ix86+x86_64 1.2.9 63.00 2.00 65.00 ERROR

Check Details

Version: 1.2.9
Flags: --no-stop-on-test-error
Check: installed package size
Result: NOTE
     installed size is 29.2Mb
     sub-directories of 1Mb or more:
     libs 29.0Mb
Flavors: r-devel-linux-x86_64-fedora-clang, r-devel-linux-x86_64-fedora-gcc

Version: 1.2.9
Flags: --no-stop-on-test-error
Check: dependencies in R code
Result: NOTE
    Namespace in Imports field not imported from: ‘methods’
     All declared Imports should be used.
Flavors: r-devel-linux-x86_64-fedora-clang, r-devel-linux-x86_64-fedora-gcc, r-devel-macos-x86_64-clang

Version: 1.2.9
Check: dependencies in R code
Result: NOTE
    Namespace in Imports field not imported from: ‘methods’
     All declared Imports should be used.
Flavors: r-patched-solaris-sparc, r-patched-solaris-x86, r-release-osx-x86_64-mavericks

Version: 1.2.9
Check: installed package size
Result: NOTE
     installed size is 29.1Mb
     sub-directories of 1Mb or more:
     libs 28.9Mb
Flavor: r-release-osx-x86_64-mavericks

Version: 1.2.9
Check: whether package can be installed
Result: ERROR
    Installation failed.
Flavor: r-oldrel-windows-ix86+x86_64