CRAN Package Check Results for Package brglm

Last updated on 2016-12-28 23:47:03.

Flavor Version Tinstall Tcheck Ttotal Status Flags
r-devel-linux-x86_64-debian-clang 0.5-9 1.06 19.73 20.78 NOTE
r-devel-linux-x86_64-debian-gcc 0.5-9 0.96 19.58 20.54 NOTE
r-devel-linux-x86_64-fedora-clang 0.5-9 36.32 NOTE --no-stop-on-test-error
r-devel-linux-x86_64-fedora-gcc 0.5-9 35.19 NOTE --no-stop-on-test-error
r-devel-macos-x86_64-clang 0.5-9 30.16 NOTE --no-stop-on-test-error
r-devel-windows-ix86+x86_64 0.5-9 7.00 66.00 73.00 NOTE
r-patched-linux-x86_64 0.5-9 0.92 17.38 18.29 NOTE
r-patched-solaris-sparc 0.5-9 200.70 NOTE
r-patched-solaris-x86 0.5-9 41.40 NOTE
r-release-linux-x86_64 0.5-9 0.93 17.39 18.33 NOTE
r-release-osx-x86_64-mavericks 0.5-9 NOTE
r-release-windows-ix86+x86_64 0.5-9 6.00 44.00 50.00 NOTE
r-oldrel-windows-ix86+x86_64 0.5-9 5.00 72.00 77.00 NOTE

Check Details

Version: 0.5-9
Check: DESCRIPTION meta-information
Result: NOTE
    Malformed Title field: should not end in a period.
Flavors: r-devel-linux-x86_64-debian-clang, r-devel-linux-x86_64-debian-gcc, r-devel-windows-ix86+x86_64, r-patched-linux-x86_64, r-patched-solaris-sparc, r-patched-solaris-x86, r-release-linux-x86_64, r-release-osx-x86_64-mavericks, r-release-windows-ix86+x86_64, r-oldrel-windows-ix86+x86_64

Version: 0.5-9
Check: dependencies in R code
Result: NOTE
    Package in Depends field not imported from: ‘profileModel’
     These packages need to be imported from (in the NAMESPACE file)
     for when this namespace is loaded but not attached.
Flavors: r-devel-linux-x86_64-debian-clang, r-devel-linux-x86_64-debian-gcc, r-devel-windows-ix86+x86_64, r-patched-linux-x86_64, r-patched-solaris-sparc, r-patched-solaris-x86, r-release-linux-x86_64, r-release-osx-x86_64-mavericks, r-release-windows-ix86+x86_64, r-oldrel-windows-ix86+x86_64

Version: 0.5-9
Check: R code for possible problems
Result: NOTE
    brglm: no visible binding for global variable ‘binomial’
    brglm: no visible binding for global variable ‘glm.fit’
    brglm: no visible global function definition for ‘model.response’
    brglm: no visible global function definition for ‘is.empty.model’
    brglm: no visible global function definition for ‘model.matrix’
    brglm: no visible global function definition for ‘model.weights’
    brglm: no visible global function definition for ‘model.offset’
    brglm: no visible global function definition for ‘model.extract’
    brglm: no visible global function definition for ‘glm.fit’
    brglm: no visible global function definition for ‘.getXlevels’
    brglm.fit: no visible global function definition for ‘binomial’
    brglm.fit: no visible global function definition for ‘glm.control’
    brglm.fit: no visible global function definition for ‘glm.fit’
    checkModifications: no visible global function definition for ‘plot’
    checkModifications: no visible global function definition for ‘points’
    confint.brglm: no visible global function definition for ‘coef’
    confint.profile.brglm: no visible global function definition for
     ‘profConfint’
    glm.control1: no visible global function definition for ‘glm.control’
    modifications : <anonymous>: no visible global function definition for
     ‘dnorm’
    pairs.profile.brglm: no visible global function definition for ‘pairs’
    plot.profile.brglm: no visible global function definition for ‘plot’
    print.brglm: no visible global function definition for ‘coef’
    print.brglm: no visible global function definition for ‘naprint’
    print.summary.brglm: no visible global function definition for
     ‘printCoefmat’
    print.summary.brglm: no visible global function definition for
     ‘naprint’
    print.summary.brglm: no visible global function definition for ‘symnum’
    profile.brglm: no visible global function definition for ‘coef’
    profile.brglm: no visible global function definition for ‘profileModel’
    profile.brglm: no visible global function definition for ‘qchisq’
    profile.brglm: no visible global function definition for ‘update’
    profile.brglm: no visible global function definition for ‘model.matrix’
    separation.detection: no visible global function definition for ‘coef’
    separation.detection: no visible global function definition for
     ‘update’
    separation.detection: no visible global function definition for
     ‘glm.control’
    summary.brglm: no visible global function definition for ‘summary.glm’
    summary.brglm: no visible global function definition for ‘coef’
    summary.brglm: no visible global function definition for ‘pnorm’
    summary.brglm: no visible global function definition for ‘residuals’
    Undefined global functions or variables:
     .getXlevels binomial coef dnorm glm.control glm.fit is.empty.model
     model.extract model.matrix model.offset model.response model.weights
     naprint pairs plot pnorm points printCoefmat profConfint profileModel
     qchisq residuals summary.glm symnum update
    Consider adding
     importFrom("graphics", "pairs", "plot", "points")
     importFrom("stats", ".getXlevels", "binomial", "coef", "dnorm",
     "glm.control", "glm.fit", "is.empty.model", "model.extract",
     "model.matrix", "model.offset", "model.response",
     "model.weights", "naprint", "pnorm", "printCoefmat",
     "qchisq", "residuals", "summary.glm", "symnum", "update")
    to your NAMESPACE file.
Flavors: r-devel-linux-x86_64-debian-clang, r-devel-linux-x86_64-debian-gcc, r-devel-windows-ix86+x86_64, r-patched-linux-x86_64, r-patched-solaris-sparc, r-patched-solaris-x86, r-release-linux-x86_64, r-release-osx-x86_64-mavericks, r-release-windows-ix86+x86_64

Version: 0.5-9
Flags: --no-stop-on-test-error
Check: DESCRIPTION meta-information
Result: NOTE
    Malformed Title field: should not end in a period.
Flavors: r-devel-linux-x86_64-fedora-clang, r-devel-linux-x86_64-fedora-gcc, r-devel-macos-x86_64-clang

Version: 0.5-9
Flags: --no-stop-on-test-error
Check: dependencies in R code
Result: NOTE
    Package in Depends field not imported from: ‘profileModel’
     These packages need to be imported from (in the NAMESPACE file)
     for when this namespace is loaded but not attached.
Flavors: r-devel-linux-x86_64-fedora-clang, r-devel-linux-x86_64-fedora-gcc, r-devel-macos-x86_64-clang

Version: 0.5-9
Flags: --no-stop-on-test-error
Check: R code for possible problems
Result: NOTE
    brglm: no visible binding for global variable ‘binomial’
    brglm: no visible binding for global variable ‘glm.fit’
    brglm: no visible global function definition for ‘model.response’
    brglm: no visible global function definition for ‘is.empty.model’
    brglm: no visible global function definition for ‘model.matrix’
    brglm: no visible global function definition for ‘model.weights’
    brglm: no visible global function definition for ‘model.offset’
    brglm: no visible global function definition for ‘model.extract’
    brglm: no visible global function definition for ‘glm.fit’
    brglm: no visible global function definition for ‘.getXlevels’
    brglm.fit: no visible global function definition for ‘binomial’
    brglm.fit: no visible global function definition for ‘glm.control’
    brglm.fit: no visible global function definition for ‘glm.fit’
    checkModifications: no visible global function definition for ‘plot’
    checkModifications: no visible global function definition for ‘points’
    confint.brglm: no visible global function definition for ‘coef’
    confint.profile.brglm: no visible global function definition for
     ‘profConfint’
    glm.control1: no visible global function definition for ‘glm.control’
    modifications : <anonymous>: no visible global function definition for
     ‘dnorm’
    pairs.profile.brglm: no visible global function definition for ‘pairs’
    plot.profile.brglm: no visible global function definition for ‘plot’
    print.brglm: no visible global function definition for ‘coef’
    print.brglm: no visible global function definition for ‘naprint’
    print.summary.brglm: no visible global function definition for
     ‘printCoefmat’
    print.summary.brglm: no visible global function definition for
     ‘naprint’
    print.summary.brglm: no visible global function definition for ‘symnum’
    profile.brglm: no visible global function definition for ‘coef’
    profile.brglm: no visible global function definition for ‘profileModel’
    profile.brglm: no visible global function definition for ‘qchisq’
    profile.brglm: no visible global function definition for ‘update’
    profile.brglm: no visible global function definition for ‘model.matrix’
    separation.detection: no visible global function definition for ‘coef’
    separation.detection: no visible global function definition for
     ‘update’
    separation.detection: no visible global function definition for
     ‘glm.control’
    summary.brglm: no visible global function definition for ‘summary.glm’
    summary.brglm: no visible global function definition for ‘coef’
    summary.brglm: no visible global function definition for ‘pnorm’
    summary.brglm: no visible global function definition for ‘residuals’
    Undefined global functions or variables:
     .getXlevels binomial coef dnorm glm.control glm.fit is.empty.model
     model.extract model.matrix model.offset model.response model.weights
     naprint pairs plot pnorm points printCoefmat profConfint profileModel
     qchisq residuals summary.glm symnum update
    Consider adding
     importFrom("graphics", "pairs", "plot", "points")
     importFrom("stats", ".getXlevels", "binomial", "coef", "dnorm",
     "glm.control", "glm.fit", "is.empty.model", "model.extract",
     "model.matrix", "model.offset", "model.response",
     "model.weights", "naprint", "pnorm", "printCoefmat",
     "qchisq", "residuals", "summary.glm", "symnum", "update")
    to your NAMESPACE file.
Flavors: r-devel-linux-x86_64-fedora-clang, r-devel-linux-x86_64-fedora-gcc, r-devel-macos-x86_64-clang

Version: 0.5-9
Check: R code for possible problems
Result: NOTE
    confint.profile.brglm: no visible global function definition for
     'profConfint'
    profile.brglm: no visible global function definition for 'profileModel'
Flavor: r-oldrel-windows-ix86+x86_64