CRAN Package Check Results for Package bsam

Last updated on 2016-12-28 23:47:03.

Flavor Version Tinstall Tcheck Ttotal Status Flags
r-devel-linux-x86_64-debian-clang 1.1.1 3.10 38.99 42.09 OK
r-devel-linux-x86_64-debian-gcc 1.1.1 3.12 38.37 41.49 OK
r-devel-linux-x86_64-fedora-clang 1.1.1 95.21 NOTE --no-stop-on-test-error
r-devel-linux-x86_64-fedora-gcc 1.1.1 93.94 NOTE --no-stop-on-test-error
r-devel-macos-x86_64-clang 1.1.1 70.74 NOTE --no-stop-on-test-error
r-devel-windows-ix86+x86_64 1.1.1 15.00 75.00 90.00 OK
r-patched-linux-x86_64 1.1.1 3.08 34.70 37.78 OK
r-patched-solaris-sparc 1.1.1 488.40 NOTE
r-patched-solaris-x86 1.1.1 112.00 NOTE
r-release-linux-x86_64 1.1.1 3.04 35.37 38.41 OK
r-release-osx-x86_64-mavericks 1.1.1 NOTE
r-release-windows-ix86+x86_64 1.1.1 13.00 65.00 78.00 OK

Check Details

Version: 1.1.1
Flags: --no-stop-on-test-error
Check: dependencies in R code
Result: NOTE
    Namespaces in Imports field not imported from:
     ‘rworldxtra’ ‘sp’
     All declared Imports should be used.
Flavors: r-devel-linux-x86_64-fedora-clang, r-devel-linux-x86_64-fedora-gcc, r-devel-macos-x86_64-clang

Version: 1.1.1
Check: dependencies in R code
Result: NOTE
    Namespaces in Imports field not imported from:
     ‘rworldxtra’ ‘sp’
     All declared Imports should be used.
Flavors: r-patched-solaris-sparc, r-patched-solaris-x86, r-release-osx-x86_64-mavericks