Last updated on 2016-12-28 23:47:03.
Flavor | Version | Tinstall | Tcheck | Ttotal | Status | Flags |
---|---|---|---|---|---|---|
r-devel-linux-x86_64-debian-clang | 0.99.6 | 5.66 | 116.07 | 121.73 | OK | |
r-devel-linux-x86_64-debian-gcc | 0.99.6 | 5.54 | 117.56 | 123.11 | OK | |
r-devel-linux-x86_64-fedora-clang | 0.99.6 | 220.24 | OK | --no-stop-on-test-error | ||
r-devel-linux-x86_64-fedora-gcc | 0.99.6 | 218.78 | OK | --no-stop-on-test-error | ||
r-devel-macos-x86_64-clang | 0.99.6 | 159.98 | OK | --no-stop-on-test-error | ||
r-devel-windows-ix86+x86_64 | 0.99.6 | 18.00 | 226.00 | 244.00 | OK | |
r-patched-linux-x86_64 | 0.99.6 | 5.36 | 97.52 | 102.89 | OK | |
r-patched-solaris-sparc | 0.99.6 | 861.70 | OK | --no-vignettes | ||
r-patched-solaris-x86 | 0.99.6 | 193.50 | OK | --no-vignettes | ||
r-release-linux-x86_64 | 0.99.6 | 5.82 | 102.59 | 108.41 | OK | |
r-release-osx-x86_64-mavericks | 0.99.6 | WARN | ||||
r-release-windows-ix86+x86_64 | 0.99.6 | 28.00 | 263.00 | 291.00 | OK | |
r-oldrel-windows-ix86+x86_64 | 0.99.6 | 21.00 | 204.00 | 225.00 | OK |
Version: 0.99.6
Check: re-building of vignette outputs
Result: WARN
Error in re-building vignettes:
...
Warning in engine$weave(file, quiet = quiet, encoding = enc) :
Pandoc (>= 1.12.3) and/or pandoc-citeproc not available. Falling back to R Markdown v1.
Loading required package: sp
rgdal: version: 1.2-5, (SVN revision 648)
Geospatial Data Abstraction Library extensions to R successfully loaded
Loaded GDAL runtime: GDAL 2.1.2, released 2016/10/24
Path to GDAL shared files: /usr/local/share/gdal
Loaded PROJ.4 runtime: Rel. 4.9.1, 04 March 2015, [PJ_VERSION: 491]
Path to PROJ.4 shared files: (autodetected)
Linking to sp version: 1.2-3
Warning in engine$weave(file, quiet = quiet, encoding = enc) :
Pandoc (>= 1.12.3) and/or pandoc-citeproc not available. Falling back to R Markdown v1.
Quitting from lines 50-54 (DataExtraction.Rmd)
Error: processing vignette 'DataExtraction.Rmd' failed with diagnostics:
cannot find ExifTool
Execution halted
Flavor: r-release-osx-x86_64-mavericks