CRAN Package Check Results for Package ccgarch

Last updated on 2016-12-28 23:47:04.

Flavor Version Tinstall Tcheck Ttotal Status Flags
r-devel-linux-x86_64-debian-clang 0.2.3 2.19 15.81 18.00 NOTE
r-devel-linux-x86_64-debian-gcc 0.2.3 2.02 16.57 18.59 NOTE
r-devel-linux-x86_64-fedora-clang 0.2.3 29.46 NOTE --no-stop-on-test-error
r-devel-linux-x86_64-fedora-gcc 0.2.3 27.48 NOTE --no-stop-on-test-error
r-devel-macos-x86_64-clang 0.2.3 23.90 NOTE --no-stop-on-test-error
r-devel-windows-ix86+x86_64 0.2.3 9.00 33.00 42.00 NOTE
r-patched-linux-x86_64 0.2.3 1.72 14.77 16.49 NOTE
r-patched-solaris-sparc 0.2.3 165.60 NOTE
r-patched-solaris-x86 0.2.3 36.90 NOTE
r-release-linux-x86_64 0.2.3 1.75 15.27 17.02 NOTE
r-release-osx-x86_64-mavericks 0.2.3 NOTE
r-release-windows-ix86+x86_64 0.2.3 8.00 34.00 42.00 NOTE
r-oldrel-windows-ix86+x86_64 0.2.3 13.00 29.00 42.00 OK

Check Details

Version: 0.2.3
Check: R code for possible problems
Result: NOTE
    dcc.est: no visible global function definition for ‘cov’
    dcc.estimation1: no visible global function definition for ‘optim’
    dcc.estimation2: no visible global function definition for
     ‘constrOptim’
    dlc: no visible global function definition for ‘cov’
    eccc.estimation: no visible global function definition for ‘optim’
    hh.test : uni.garch : uni.garch.est : garch.ll: no visible global
     function definition for ‘dnorm’
    hh.test : uni.garch : uni.garch.est: no visible global function
     definition for ‘optim’
    hh.test: no visible global function definition for ‘lm’
    hh.test: no visible global function definition for ‘pchisq’
    jb.test: no visible global function definition for ‘pchisq’
    ljung.box.test: no visible global function definition for ‘pchisq’
    nt.test : uni.garch : uni.garch.est : garch.ll: no visible global
     function definition for ‘dnorm’
    nt.test : uni.garch : uni.garch.est: no visible global function
     definition for ‘optim’
    nt.test: no visible global function definition for ‘lm’
    nt.test: no visible global function definition for ‘pchisq’
    rob.kr: no visible global function definition for ‘quantile’
    rob.sk: no visible global function definition for ‘quantile’
    Undefined global functions or variables:
     constrOptim cov dnorm lm optim pchisq quantile
    Consider adding
     importFrom("stats", "constrOptim", "cov", "dnorm", "lm", "optim",
     "pchisq", "quantile")
    to your NAMESPACE file.
Flavors: r-devel-linux-x86_64-debian-clang, r-devel-linux-x86_64-debian-gcc, r-devel-windows-ix86+x86_64, r-patched-linux-x86_64, r-patched-solaris-sparc, r-patched-solaris-x86, r-release-linux-x86_64, r-release-osx-x86_64-mavericks, r-release-windows-ix86+x86_64

Version: 0.2.3
Flags: --no-stop-on-test-error
Check: R code for possible problems
Result: NOTE
    dcc.est: no visible global function definition for ‘cov’
    dcc.estimation1: no visible global function definition for ‘optim’
    dcc.estimation2: no visible global function definition for
     ‘constrOptim’
    dlc: no visible global function definition for ‘cov’
    eccc.estimation: no visible global function definition for ‘optim’
    hh.test : uni.garch : uni.garch.est : garch.ll: no visible global
     function definition for ‘dnorm’
    hh.test : uni.garch : uni.garch.est: no visible global function
     definition for ‘optim’
    hh.test: no visible global function definition for ‘lm’
    hh.test: no visible global function definition for ‘pchisq’
    jb.test: no visible global function definition for ‘pchisq’
    ljung.box.test: no visible global function definition for ‘pchisq’
    nt.test : uni.garch : uni.garch.est : garch.ll: no visible global
     function definition for ‘dnorm’
    nt.test : uni.garch : uni.garch.est: no visible global function
     definition for ‘optim’
    nt.test: no visible global function definition for ‘lm’
    nt.test: no visible global function definition for ‘pchisq’
    rob.kr: no visible global function definition for ‘quantile’
    rob.sk: no visible global function definition for ‘quantile’
    Undefined global functions or variables:
     constrOptim cov dnorm lm optim pchisq quantile
    Consider adding
     importFrom("stats", "constrOptim", "cov", "dnorm", "lm", "optim",
     "pchisq", "quantile")
    to your NAMESPACE file.
Flavors: r-devel-linux-x86_64-fedora-clang, r-devel-linux-x86_64-fedora-gcc, r-devel-macos-x86_64-clang