CRAN Package Check Results for Package countyweather

Last updated on 2016-12-28 23:47:06.

Flavor Version Tinstall Tcheck Ttotal Status Flags
r-devel-linux-x86_64-debian-clang 0.1.0 1.72 36.70 38.42 OK
r-devel-linux-x86_64-debian-gcc 0.1.0 1.84 35.54 37.38 OK
r-devel-linux-x86_64-fedora-clang 0.1.0 70.19 NOTE --no-stop-on-test-error
r-devel-linux-x86_64-fedora-gcc 0.1.0 67.91 NOTE --no-stop-on-test-error
r-devel-macos-x86_64-clang 0.1.0 56.36 NOTE --no-stop-on-test-error
r-devel-windows-ix86+x86_64 0.1.0 6.00 74.00 80.00 OK
r-patched-linux-x86_64 0.1.0 1.66 29.99 31.65 OK
r-patched-solaris-sparc 0.1.0 409.40 NOTE
r-patched-solaris-x86 0.1.0 80.20 NOTE
r-release-linux-x86_64 0.1.0 1.84 30.14 31.98 OK
r-release-osx-x86_64-mavericks 0.1.0 NOTE
r-release-windows-ix86+x86_64 0.1.0 10.00 79.00 89.00 OK

Check Details

Version: 0.1.0
Flags: --no-stop-on-test-error
Check: data for non-ASCII characters
Result: NOTE
     Note: found 1 marked UTF-8 string
Flavors: r-devel-linux-x86_64-fedora-clang, r-devel-linux-x86_64-fedora-gcc, r-devel-macos-x86_64-clang

Version: 0.1.0
Check: data for non-ASCII characters
Result: NOTE
     Note: found 1 marked UTF-8 string
Flavors: r-patched-solaris-sparc, r-patched-solaris-x86, r-release-osx-x86_64-mavericks