Last updated on 2016-12-28 23:47:06.
Flavor | Version | Tinstall | Tcheck | Ttotal | Status | Flags |
---|---|---|---|---|---|---|
r-devel-linux-x86_64-debian-clang | 2.2.1 | 1.26 | 53.90 | 55.15 | OK | |
r-devel-linux-x86_64-debian-gcc | 2.2.1 | 1.43 | 52.78 | 54.21 | OK | |
r-devel-linux-x86_64-fedora-clang | 2.2.1 | 98.02 | OK | --no-stop-on-test-error | ||
r-devel-linux-x86_64-fedora-gcc | 2.2.1 | 95.62 | OK | --no-stop-on-test-error | ||
r-devel-macos-x86_64-clang | 2.2.1 | 82.28 | OK | --no-stop-on-test-error | ||
r-devel-windows-ix86+x86_64 | 2.2.1 | 12.00 | 320.00 | 332.00 | WARN | |
r-patched-linux-x86_64 | 2.2.1 | 1.14 | 40.40 | 41.55 | OK | |
r-patched-solaris-sparc | 2.2.1 | 192.90 | OK | |||
r-patched-solaris-x86 | 2.2.1 | 41.00 | OK | |||
r-release-linux-x86_64 | 2.2.1 | 1.20 | 40.22 | 41.43 | OK | |
r-release-osx-x86_64-mavericks | 2.2.1 | OK | ||||
r-release-windows-ix86+x86_64 | 2.2.1 | 11.00 | 186.00 | 197.00 | OK | |
r-oldrel-windows-ix86+x86_64 | 2.2.1 | 6.00 | 135.00 | 141.00 | OK |
Version: 2.2.1
Check: files in ‘vignettes’
Result: WARN
Files in the 'vignettes' directory newer than all files in 'inst/doc':
'how_it_works.Rmd'
Flavor: r-devel-windows-ix86+x86_64