Last updated on 2016-12-28 23:47:06.
Flavor | Version | Tinstall | Tcheck | Ttotal | Status | Flags |
---|---|---|---|---|---|---|
r-devel-linux-x86_64-debian-clang | 0.3.2 | 1.12 | 87.09 | 88.21 | NOTE | |
r-devel-linux-x86_64-debian-gcc | 0.3.2 | 1.24 | 85.04 | 86.28 | NOTE | |
r-devel-linux-x86_64-fedora-clang | 0.3.2 | 130.27 | NOTE | --no-stop-on-test-error | ||
r-devel-linux-x86_64-fedora-gcc | 0.3.2 | 127.63 | NOTE | --no-stop-on-test-error | ||
r-devel-macos-x86_64-clang | 0.3.2 | 94.44 | NOTE | --no-stop-on-test-error | ||
r-devel-windows-ix86+x86_64 | 0.3.2 | 5.00 | 174.00 | 179.00 | NOTE | |
r-patched-linux-x86_64 | 0.3.2 | 0.96 | 80.88 | 81.84 | NOTE | |
r-patched-solaris-sparc | 0.3.2 | 848.50 | NOTE | |||
r-patched-solaris-x86 | 0.3.2 | 157.70 | NOTE | |||
r-release-linux-x86_64 | 0.3.2 | 0.97 | 79.22 | 80.19 | NOTE | |
r-release-osx-x86_64-mavericks | 0.3.2 | NOTE | ||||
r-release-windows-ix86+x86_64 | 0.3.2 | 7.00 | 96.00 | 103.00 | NOTE | |
r-oldrel-windows-ix86+x86_64 | 0.3.2 | 4.00 | 138.00 | 142.00 | NOTE |
Version: 0.3.2
Check: DESCRIPTION meta-information
Result: NOTE
Packages listed in more than one of Depends, Imports, Suggests, Enhances:
‘lattice’ ‘robustbase’
A package should be listed in only one of these fields.
Flavors: r-devel-linux-x86_64-debian-clang, r-devel-linux-x86_64-debian-gcc, r-devel-windows-ix86+x86_64, r-patched-linux-x86_64, r-patched-solaris-sparc, r-patched-solaris-x86, r-release-linux-x86_64, r-release-osx-x86_64-mavericks, r-release-windows-ix86+x86_64, r-oldrel-windows-ix86+x86_64
Version: 0.3.2
Flags: --no-stop-on-test-error
Check: DESCRIPTION meta-information
Result: NOTE
Packages listed in more than one of Depends, Imports, Suggests, Enhances:
‘lattice’ ‘robustbase’
A package should be listed in only one of these fields.
Flavors: r-devel-linux-x86_64-fedora-clang, r-devel-linux-x86_64-fedora-gcc, r-devel-macos-x86_64-clang