CRAN Package Check Results for Package dbfaker

Last updated on 2016-12-28 23:47:07.

Flavor Version Tinstall Tcheck Ttotal Status Flags
r-devel-linux-x86_64-debian-clang 0.1.0 1.30 18.29 19.59 OK
r-devel-linux-x86_64-debian-gcc 0.1.0 1.32 18.23 19.55 OK
r-devel-linux-x86_64-fedora-clang 0.1.0 36.07 OK --no-stop-on-test-error
r-devel-linux-x86_64-fedora-gcc 0.1.0 35.56 OK --no-stop-on-test-error
r-devel-macos-x86_64-clang 0.1.0 29.78 OK --no-stop-on-test-error
r-devel-windows-ix86+x86_64 0.1.0 5.00 73.00 78.00 NOTE
r-patched-linux-x86_64 0.1.0 1.20 16.88 18.08 OK
r-patched-solaris-sparc 0.1.0 189.20 OK
r-patched-solaris-x86 0.1.0 42.90 OK
r-release-linux-x86_64 0.1.0 1.15 17.15 18.31 OK
r-release-osx-x86_64-mavericks 0.1.0 OK
r-release-windows-ix86+x86_64 0.1.0 7.00 51.00 58.00 NOTE
r-oldrel-windows-ix86+x86_64 0.1.0 5.00 35.00 40.00 NOTE

Check Details

Version: 0.1.0
Check: package dependencies
Result: NOTE
    Package suggested but not available for checking: 'doMC'
Flavors: r-devel-windows-ix86+x86_64, r-release-windows-ix86+x86_64, r-oldrel-windows-ix86+x86_64