CRAN Package Check Results for Package dcGOR

Last updated on 2016-12-28 23:47:07.

Flavor Version Tinstall Tcheck Ttotal Status Flags
r-devel-linux-x86_64-debian-clang 1.0.6 5.42 68.79 74.21 OK
r-devel-linux-x86_64-debian-gcc 1.0.6 5.12 68.01 73.13 OK
r-devel-linux-x86_64-fedora-clang 1.0.6 156.80 NOTE --no-stop-on-test-error
r-devel-linux-x86_64-fedora-gcc 1.0.6 154.28 NOTE --no-stop-on-test-error
r-devel-macos-x86_64-clang 1.0.6 118.18 NOTE --no-stop-on-test-error
r-devel-windows-ix86+x86_64 1.0.6 23.00 151.00 174.00 NOTE
r-patched-linux-x86_64 1.0.6 4.68 65.06 69.74 OK
r-patched-solaris-sparc 1.0.6 883.20 NOTE
r-patched-solaris-x86 1.0.6 198.30 NOTE
r-release-linux-x86_64 1.0.6 4.94 62.90 67.84 OK
r-release-osx-x86_64-mavericks 1.0.6 NOTE
r-release-windows-ix86+x86_64 1.0.6 22.00 106.00 128.00 NOTE
r-oldrel-windows-ix86+x86_64 1.0.6 17.00 161.00 178.00 NOTE

Check Details

Version: 1.0.6
Flags: --no-stop-on-test-error
Check: installed package size
Result: NOTE
     installed size is 5.1Mb
     sub-directories of 1Mb or more:
     data 4.1Mb
Flavors: r-devel-linux-x86_64-fedora-clang, r-devel-linux-x86_64-fedora-gcc, r-devel-macos-x86_64-clang

Version: 1.0.6
Check: package dependencies
Result: NOTE
    Package suggested but not available for checking: 'doMC'
Flavors: r-devel-windows-ix86+x86_64, r-release-windows-ix86+x86_64, r-oldrel-windows-ix86+x86_64

Version: 1.0.6
Check: installed package size
Result: NOTE
     installed size is 6.7Mb
     sub-directories of 1Mb or more:
     data 5.4Mb
Flavors: r-patched-solaris-sparc, r-patched-solaris-x86, r-release-osx-x86_64-mavericks