Last updated on 2016-12-28 23:47:07.
Flavor | Version | Tinstall | Tcheck | Ttotal | Status | Flags |
---|---|---|---|---|---|---|
r-devel-linux-x86_64-debian-clang | 2.1-2 | 2.82 | 43.65 | 46.48 | OK | |
r-devel-linux-x86_64-debian-gcc | 2.1-2 | 2.88 | 42.21 | 45.09 | OK | |
r-devel-linux-x86_64-fedora-clang | 2.1-2 | 98.31 | OK | --no-stop-on-test-error | ||
r-devel-linux-x86_64-fedora-gcc | 2.1-2 | 97.49 | OK | --no-stop-on-test-error | ||
r-devel-macos-x86_64-clang | 2.1-2 | 74.16 | NOTE | --no-stop-on-test-error | ||
r-devel-windows-ix86+x86_64 | 2.1-2 | 15.00 | 101.00 | 116.00 | OK | |
r-patched-linux-x86_64 | 2.1-2 | 3.08 | 38.33 | 41.41 | OK | |
r-patched-solaris-sparc | 2.1-2 | 538.70 | NOTE | |||
r-patched-solaris-x86 | 2.1-2 | 133.60 | NOTE | |||
r-release-linux-x86_64 | 2.1-2 | 2.82 | 38.26 | 41.08 | OK | |
r-release-osx-x86_64-mavericks | 2.1-2 | NOTE | ||||
r-release-windows-ix86+x86_64 | 2.1-2 | 13.00 | 68.00 | 81.00 | OK | |
r-oldrel-windows-ix86+x86_64 | 2.1-2 | 9.00 | 103.00 | 112.00 | OK |
Version: 2.1-2
Flags: --no-stop-on-test-error
Check: package dependencies
Result: NOTE
Package suggested but not available for checking: ‘BRugs’
Flavor: r-devel-macos-x86_64-clang
Version: 2.1-2
Check: package dependencies
Result: NOTE
Package suggested but not available for checking: ‘BRugs’
Flavors: r-patched-solaris-sparc, r-patched-solaris-x86, r-release-osx-x86_64-mavericks