Last updated on 2016-12-28 23:47:07.
Flavor | Version | Tinstall | Tcheck | Ttotal | Status | Flags |
---|---|---|---|---|---|---|
r-devel-linux-x86_64-debian-clang | 0.1.2 | 8.52 | 40.33 | 48.85 | OK | |
r-devel-linux-x86_64-debian-gcc | 0.1.2 | 8.98 | 37.84 | 46.82 | OK | |
r-devel-linux-x86_64-fedora-clang | 0.1.2 | 98.21 | OK | --no-stop-on-test-error | ||
r-devel-linux-x86_64-fedora-gcc | 0.1.2 | 96.18 | OK | --no-stop-on-test-error | ||
r-devel-macos-x86_64-clang | 0.1.2 | 64.94 | OK | --no-stop-on-test-error | ||
r-devel-windows-ix86+x86_64 | 0.1.2 | 44.00 | 264.00 | 308.00 | FAIL | |
r-patched-linux-x86_64 | 0.1.2 | 7.33 | 32.88 | 40.21 | OK | |
r-patched-solaris-sparc | 0.1.2 | 483.50 | OK | |||
r-patched-solaris-x86 | 0.1.2 | 143.40 | OK | |||
r-release-linux-x86_64 | 0.1.2 | 7.38 | 32.87 | 40.25 | OK | |
r-release-osx-x86_64-mavericks | 0.1.2 | OK | ||||
r-release-windows-ix86+x86_64 | 0.1.2 | 39.00 | 330.00 | 369.00 | FAIL | |
r-oldrel-windows-ix86+x86_64 | 0.1.2 | 28.00 | 252.00 | 280.00 | FAIL |
Version: 0.1.2
Check: running tests for arch ‘i386’
Result: ERROR
Running 'test-all.R' [74s]
Running the tests in 'tests/test-all.R' failed.
Last 13 lines of output:
> useBackend(parallel, executors=2)
Using socket based parallel (SNOW) backend.
> test_check("ddR")
1. Failure: Operatons: max, min, head, tail works (@test-darray.R#339) ---------
min(da) not equal to min(mat).
1/1 mismatches
[1] 1 - 0 == 1
check min of flex sparse darray
testthat results ================================================================
OK: 235 SKIPPED: 0 FAILED: 1
1. Failure: Operatons: max, min, head, tail works (@test-darray.R#339)
Error: testthat unit tests failed
Execution halted
Flavor: r-devel-windows-ix86+x86_64
Version: 0.1.2
Check: re-building of vignette outputs
Result: FAIL
Flavors: r-devel-windows-ix86+x86_64, r-release-windows-ix86+x86_64, r-oldrel-windows-ix86+x86_64