Last updated on 2016-12-28 23:47:08.
Flavor | Version | Tinstall | Tcheck | Ttotal | Status | Flags |
---|---|---|---|---|---|---|
r-devel-linux-x86_64-debian-clang | 1.9.89 | 59.61 | 91.95 | 151.55 | WARN | |
r-devel-linux-x86_64-debian-gcc | 1.9.89 | 57.09 | 92.21 | 149.30 | WARN | |
r-devel-linux-x86_64-fedora-clang | 1.9.89 | 334.72 | WARN | --no-stop-on-test-error | ||
r-devel-linux-x86_64-fedora-gcc | 1.9.89 | 314.78 | WARN | --no-stop-on-test-error | ||
r-devel-macos-x86_64-clang | 1.9.89 | 215.30 | OK | --no-stop-on-test-error | ||
r-devel-windows-ix86+x86_64 | 1.9.89 | 178.00 | 196.00 | 374.00 | WARN | |
r-patched-linux-x86_64 | 1.9.89 | 52.29 | 89.88 | 142.17 | WARN | |
r-patched-solaris-sparc | 1.9.89 | 1578.50 | OK | |||
r-patched-solaris-x86 | 1.9.89 | 330.40 | OK | |||
r-release-linux-x86_64 | 1.9.89 | 51.96 | 89.79 | 141.75 | WARN | |
r-release-osx-x86_64-mavericks | 1.9.89 | OK | ||||
r-release-windows-ix86+x86_64 | 1.9.89 | 265.00 | 187.00 | 452.00 | OK | |
r-oldrel-windows-ix86+x86_64 | 1.9.89 | 177.00 | 196.00 | 373.00 | OK |
Version: 1.9.89
Check: sizes of PDF files under ‘inst/doc’
Result: WARN
‘gs+qpdf’ made some significant size reductions:
compacted ‘diveRsity.pdf’ from 1052Kb to 655Kb
consider running tools::compactPDF(gs_quality = "ebook") on these files
Flavors: r-devel-linux-x86_64-debian-clang, r-devel-linux-x86_64-debian-gcc, r-patched-linux-x86_64, r-release-linux-x86_64
Version: 1.9.89
Flags: --no-stop-on-test-error
Check: sizes of PDF files under ‘inst/doc’
Result: WARN
‘gs+qpdf’ made some significant size reductions:
compacted ‘diveRsity.pdf’ from 1052Kb to 655Kb
consider running tools::compactPDF(gs_quality = "ebook") on these files
Flavors: r-devel-linux-x86_64-fedora-clang, r-devel-linux-x86_64-fedora-gcc
Version: 1.9.89
Flags: --no-stop-on-test-error
Check: installed package size
Result: NOTE
installed size is 5.8Mb
sub-directories of 1Mb or more:
doc 1.1Mb
libs 4.2Mb
Flavor: r-devel-linux-x86_64-fedora-gcc
Version: 1.9.89
Check: files in ‘vignettes’
Result: WARN
Files in the 'vignettes' directory newer than all files in 'inst/doc':
'IN_plot.png', 'IN_res.png', 'MEE.bst', 'Rlogo_3.png', 'corPlot.png',
'dirTree.png', 'divMS.bib', 'div_res.RData', 'diveRsity.Rnw',
'diversity_partition_out.png', 'gst_vs_nalleles.png',
'in_res.RData', 'locus_plots.png', 'microPlexer-1.png',
'microplexer.png', 'pairwise_comp.png', 'pairwise_plots.png',
'pw_interplot.png', 'pw_plot.png', 'titlepage.tex'
Flavor: r-devel-windows-ix86+x86_64