Last updated on 2016-12-28 23:47:08.
Flavor | Version | Tinstall | Tcheck | Ttotal | Status | Flags |
---|---|---|---|---|---|---|
r-devel-linux-x86_64-debian-clang | 0.5.0 | 135.13 | 73.97 | 209.10 | OK | |
r-devel-linux-x86_64-debian-gcc | 0.5.0 | 148.11 | 75.06 | 223.16 | OK | |
r-devel-linux-x86_64-fedora-clang | 0.5.0 | 423.89 | NOTE | --no-stop-on-test-error | ||
r-devel-linux-x86_64-fedora-gcc | 0.5.0 | 437.10 | NOTE | --no-stop-on-test-error | ||
r-devel-macos-x86_64-clang | 0.5.0 | 288.73 | OK | --no-stop-on-test-error | ||
r-devel-windows-ix86+x86_64 | 0.5.0 | 532.00 | 178.00 | 710.00 | NOTE | |
r-patched-linux-x86_64 | 0.5.0 | 131.90 | 67.96 | 199.86 | OK | |
r-patched-solaris-sparc | 0.5.0 | 1697.90 | NOTE | --no-vignettes | ||
r-patched-solaris-x86 | 0.5.0 | 391.50 | NOTE | |||
r-release-linux-x86_64 | 0.5.0 | 130.93 | 67.83 | 198.76 | OK | |
r-release-osx-x86_64-mavericks | 0.5.0 | WARN | ||||
r-release-windows-ix86+x86_64 | 0.5.0 | 534.00 | 198.00 | 732.00 | NOTE | |
r-oldrel-windows-ix86+x86_64 | 0.5.0 | 368.00 | 166.00 | 534.00 | NOTE |
Memtest notes: valgrind
Version: 0.5.0
Flags: --no-stop-on-test-error
Check: installed package size
Result: NOTE
installed size is 18.7Mb
sub-directories of 1Mb or more:
libs 16.8Mb
Flavors: r-devel-linux-x86_64-fedora-clang, r-devel-linux-x86_64-fedora-gcc
Version: 0.5.0
Check: installed package size
Result: NOTE
installed size is 6.1Mb
sub-directories of 1Mb or more:
libs 4.2Mb
Flavors: r-devel-windows-ix86+x86_64, r-release-osx-x86_64-mavericks, r-release-windows-ix86+x86_64, r-oldrel-windows-ix86+x86_64
Version: 0.5.0
Flags: --no-vignettes
Check: package dependencies
Result: NOTE
Packages suggested but not available for checking:
‘RMySQL’ ‘microbenchmark’
Flavor: r-patched-solaris-sparc
Version: 0.5.0
Flags: --no-vignettes
Check: Rd cross-references
Result: NOTE
Packages unavailable to check Rd xrefs: ‘microbenchmark’, ‘RMySQL’
Flavor: r-patched-solaris-sparc
Version: 0.5.0
Check: package dependencies
Result: NOTE
Packages suggested but not available for checking:
‘RMySQL’ ‘microbenchmark’
Flavor: r-patched-solaris-x86
Version: 0.5.0
Check: Rd cross-references
Result: NOTE
Packages unavailable to check Rd xrefs: ‘microbenchmark’, ‘RMySQL’
Flavor: r-patched-solaris-x86
Version: 0.5.0
Check: package dependencies
Result: NOTE
Package suggested but not available for checking: ‘dtplyr’
Flavor: r-release-osx-x86_64-mavericks
Version: 0.5.0
Check: dependencies in R code
Result: NOTE
Missing or unexported object: ‘RSQLite::rsqliteVersion’
Flavor: r-release-osx-x86_64-mavericks
Version: 0.5.0
Check: Rd cross-references
Result: WARN
Unknown package ‘dtplyr’ in Rd xrefs
Flavor: r-release-osx-x86_64-mavericks