Last updated on 2016-12-28 23:47:09.
Flavor | Version | Tinstall | Tcheck | Ttotal | Status | Flags |
---|---|---|---|---|---|---|
r-devel-linux-x86_64-fedora-clang | 0.1.0 | 400.75 | NOTE | --no-stop-on-test-error | ||
r-devel-linux-x86_64-fedora-gcc | 0.1.0 | 410.33 | NOTE | --no-stop-on-test-error | ||
r-devel-macos-x86_64-clang | 0.1.0 | 185.63 | OK | --no-stop-on-test-error | ||
r-patched-solaris-x86 | 0.1.0 | 376.50 | OK | |||
r-oldrel-windows-ix86+x86_64 | 0.1.0 | 21.00 | 6.00 | 27.00 | ERROR |
Version: 0.1.0
Flags: --no-stop-on-test-error
Check: installed package size
Result: NOTE
installed size is 9.1Mb
sub-directories of 1Mb or more:
R 2.0Mb
libs 6.5Mb
Flavors: r-devel-linux-x86_64-fedora-clang, r-devel-linux-x86_64-fedora-gcc
Version: 0.1.0
Check: whether package can be installed
Result: ERROR
Installation failed.
Flavor: r-oldrel-windows-ix86+x86_64