Last updated on 2016-12-28 23:47:09.
Flavor | Version | Tinstall | Tcheck | Ttotal | Status | Flags |
---|---|---|---|---|---|---|
r-devel-linux-x86_64-debian-clang | 0.3.0 | 0.67 | 10.96 | 11.63 | OK | |
r-devel-linux-x86_64-debian-gcc | 0.3.0 | 0.63 | 11.02 | 11.65 | OK | |
r-devel-linux-x86_64-fedora-clang | 0.3.0 | 18.74 | NOTE | --no-stop-on-test-error | ||
r-devel-linux-x86_64-fedora-gcc | 0.3.0 | 20.08 | NOTE | --no-stop-on-test-error | ||
r-devel-macos-x86_64-clang | 0.3.0 | 16.40 | NOTE | --no-stop-on-test-error | ||
r-devel-windows-ix86+x86_64 | 0.3.0 | 5.00 | 42.00 | 47.00 | OK | |
r-patched-linux-x86_64 | 0.3.0 | 0.53 | 9.35 | 9.88 | OK | |
r-patched-solaris-sparc | 0.3.0 | 107.20 | NOTE | |||
r-patched-solaris-x86 | 0.3.0 | 24.50 | NOTE | |||
r-release-linux-x86_64 | 0.3.0 | 0.52 | 9.41 | 9.93 | OK | |
r-release-osx-x86_64-mavericks | 0.3.0 | NOTE | ||||
r-release-windows-ix86+x86_64 | 0.3.0 | 3.00 | 24.00 | 27.00 | OK | |
r-oldrel-windows-ix86+x86_64 | 0.3.0 | 2.00 | 33.00 | 35.00 | NOTE |
Version: 0.3.0
Flags: --no-stop-on-test-error
Check: dependencies in R code
Result: NOTE
Namespace in Imports field not imported from: ‘zoo’
All declared Imports should be used.
Flavors: r-devel-linux-x86_64-fedora-clang, r-devel-linux-x86_64-fedora-gcc, r-devel-macos-x86_64-clang
Version: 0.3.0
Check: dependencies in R code
Result: NOTE
Namespace in Imports field not imported from: ‘zoo’
All declared Imports should be used.
Flavors: r-patched-solaris-sparc, r-patched-solaris-x86, r-release-osx-x86_64-mavericks, r-oldrel-windows-ix86+x86_64