CRAN Package Check Results for Package etl

Last updated on 2016-12-28 23:47:10.

Flavor Version Tinstall Tcheck Ttotal Status Flags
r-devel-linux-x86_64-debian-clang 0.3.5 1.70 26.36 28.06 OK
r-devel-linux-x86_64-debian-gcc 0.3.5 1.55 25.68 27.23 OK
r-devel-linux-x86_64-fedora-clang 0.3.5 48.04 OK --no-stop-on-test-error
r-devel-linux-x86_64-fedora-gcc 0.3.5 47.28 OK --no-stop-on-test-error
r-devel-macos-x86_64-clang 0.3.5 39.20 OK --no-stop-on-test-error
r-devel-windows-ix86+x86_64 0.3.5 6.00 57.00 63.00 OK
r-patched-linux-x86_64 0.3.5 1.71 23.85 25.56 OK
r-patched-solaris-sparc 0.3.5 267.70 NOTE
r-patched-solaris-x86 0.3.5 59.40 NOTE
r-release-linux-x86_64 0.3.5 1.59 23.65 25.24 OK
r-release-osx-x86_64-mavericks 0.3.5 OK
r-release-windows-ix86+x86_64 0.3.5 9.00 70.00 79.00 OK
r-oldrel-windows-ix86+x86_64 0.3.5 5.00 50.00 55.00 OK

Check Details

Version: 0.3.5
Check: package dependencies
Result: NOTE
    Package suggested but not available for checking: ‘RMySQL’
Flavors: r-patched-solaris-sparc, r-patched-solaris-x86

Version: 0.3.5
Check: Rd cross-references
Result: NOTE
    Package unavailable to check Rd xrefs: ‘RMySQL’
Flavors: r-patched-solaris-sparc, r-patched-solaris-x86