Last updated on 2016-12-28 23:47:10.
Flavor | Version | Tinstall | Tcheck | Ttotal | Status | Flags |
---|---|---|---|---|---|---|
r-devel-linux-x86_64-debian-clang | 0.6-2 | 4.92 | 52.04 | 56.97 | NOTE | |
r-devel-linux-x86_64-debian-gcc | 0.6-2 | 5.40 | 52.02 | 57.41 | NOTE | |
r-devel-linux-x86_64-fedora-clang | 0.6-2 | 126.46 | NOTE | --no-stop-on-test-error | ||
r-devel-linux-x86_64-fedora-gcc | 0.6-2 | 125.25 | NOTE | --no-stop-on-test-error | ||
r-devel-macos-x86_64-clang | 0.6-2 | 106.71 | NOTE | --no-stop-on-test-error | ||
r-devel-windows-ix86+x86_64 | 0.6-2 | 23.00 | 140.00 | 163.00 | NOTE | |
r-patched-linux-x86_64 | 0.6-2 | 5.12 | 46.92 | 52.04 | NOTE | |
r-patched-solaris-sparc | 0.6-2 | 678.50 | NOTE | |||
r-patched-solaris-x86 | 0.6-2 | 148.70 | NOTE | |||
r-release-linux-x86_64 | 0.6-2 | 5.21 | 47.58 | 52.79 | NOTE | |
r-release-osx-x86_64-mavericks | 0.6-2 | NOTE | ||||
r-release-windows-ix86+x86_64 | 0.6-2 | 23.00 | 112.00 | 135.00 | NOTE | |
r-oldrel-windows-ix86+x86_64 | 0.6-2 | 17.00 | 131.00 | 148.00 | NOTE |
Memtest notes: clang-ASAN
Version: 0.6-2
Check: DESCRIPTION meta-information
Result: NOTE
Malformed Description field: should contain one or more complete sentences.
Flavors: r-devel-linux-x86_64-debian-clang, r-devel-linux-x86_64-debian-gcc, r-devel-windows-ix86+x86_64, r-patched-linux-x86_64, r-patched-solaris-sparc, r-patched-solaris-x86, r-release-linux-x86_64, r-release-osx-x86_64-mavericks, r-release-windows-ix86+x86_64, r-oldrel-windows-ix86+x86_64
Version: 0.6-2
Check: R code for possible problems
Result: NOTE
avec.cov: no visible global function definition for ‘qnorm’
closPseudo: no visible global function definition for ‘terms’
etmCIF: no visible global function definition for ‘model.extract’
lines.etm: no visible global function definition for ‘lines’
phiPseudo: no visible global function definition for ‘terms’
plot.clos.etm: no visible global function definition for ‘par’
plot.clos.etm: no visible global function definition for ‘split.screen’
plot.clos.etm: no visible global function definition for ‘screen’
plot.clos.etm: no visible global function definition for ‘plot’
plot.clos.etm: no visible global function definition for ‘axis’
plot.clos.etm: no visible global function definition for ‘box’
plot.clos.etm: no visible global function definition for ‘lines’
plot.clos.etm: no visible global function definition for ‘close.screen’
plot.etm: no visible global function definition for ‘plot’
plot.etm: no visible global function definition for ‘lines’
plot.etmCIF: no visible global function definition for ‘plot’
plot.etmCIF: no visible global function definition for ‘lines’
plot.etmCIF: no visible global function definition for ‘segments’
print.summary.etm: no visible global function definition for ‘quantile’
print.summary.etmCIF: no visible global function definition for
‘quantile’
Undefined global functions or variables:
axis box close.screen lines model.extract par plot qnorm quantile
screen segments split.screen terms
Consider adding
importFrom("graphics", "axis", "box", "close.screen", "lines", "par",
"plot", "screen", "segments", "split.screen")
importFrom("stats", "model.extract", "qnorm", "quantile", "terms")
to your NAMESPACE file.
Flavors: r-devel-linux-x86_64-debian-clang, r-devel-linux-x86_64-debian-gcc, r-devel-windows-ix86+x86_64, r-patched-linux-x86_64, r-patched-solaris-sparc, r-patched-solaris-x86, r-release-linux-x86_64, r-release-osx-x86_64-mavericks, r-release-windows-ix86+x86_64
Version: 0.6-2
Flags: --no-stop-on-test-error
Check: DESCRIPTION meta-information
Result: NOTE
Malformed Description field: should contain one or more complete sentences.
Flavors: r-devel-linux-x86_64-fedora-clang, r-devel-linux-x86_64-fedora-gcc, r-devel-macos-x86_64-clang
Version: 0.6-2
Flags: --no-stop-on-test-error
Check: R code for possible problems
Result: NOTE
avec.cov: no visible global function definition for ‘qnorm’
closPseudo: no visible global function definition for ‘terms’
etmCIF: no visible global function definition for ‘model.extract’
lines.etm: no visible global function definition for ‘lines’
phiPseudo: no visible global function definition for ‘terms’
plot.clos.etm: no visible global function definition for ‘par’
plot.clos.etm: no visible global function definition for ‘split.screen’
plot.clos.etm: no visible global function definition for ‘screen’
plot.clos.etm: no visible global function definition for ‘plot’
plot.clos.etm: no visible global function definition for ‘axis’
plot.clos.etm: no visible global function definition for ‘box’
plot.clos.etm: no visible global function definition for ‘lines’
plot.clos.etm: no visible global function definition for ‘close.screen’
plot.etm: no visible global function definition for ‘plot’
plot.etm: no visible global function definition for ‘lines’
plot.etmCIF: no visible global function definition for ‘plot’
plot.etmCIF: no visible global function definition for ‘lines’
plot.etmCIF: no visible global function definition for ‘segments’
print.summary.etm: no visible global function definition for ‘quantile’
print.summary.etmCIF: no visible global function definition for
‘quantile’
Undefined global functions or variables:
axis box close.screen lines model.extract par plot qnorm quantile
screen segments split.screen terms
Consider adding
importFrom("graphics", "axis", "box", "close.screen", "lines", "par",
"plot", "screen", "segments", "split.screen")
importFrom("stats", "model.extract", "qnorm", "quantile", "terms")
to your NAMESPACE file.
Flavors: r-devel-linux-x86_64-fedora-clang, r-devel-linux-x86_64-fedora-gcc, r-devel-macos-x86_64-clang