Last updated on 2016-12-28 23:47:10.
Flavor | Version | Tinstall | Tcheck | Ttotal | Status | Flags |
---|---|---|---|---|---|---|
r-devel-linux-x86_64-debian-clang | 1.0-1 | 4.78 | 119.10 | 123.88 | OK | |
r-devel-linux-x86_64-debian-gcc | 1.0-1 | 4.67 | 116.50 | 121.17 | OK | |
r-devel-linux-x86_64-fedora-clang | 1.0-1 | 258.84 | OK | --no-stop-on-test-error | ||
r-devel-linux-x86_64-fedora-gcc | 1.0-1 | 258.13 | OK | --no-stop-on-test-error | ||
r-devel-macos-x86_64-clang | 1.0-1 | 160.61 | OK | --no-stop-on-test-error | ||
r-devel-windows-ix86+x86_64 | 1.0-1 | 24.00 | 259.00 | 283.00 | OK | |
r-patched-linux-x86_64 | 1.0-1 | 4.26 | 101.60 | 105.86 | OK | |
r-patched-solaris-sparc | 1.0-1 | 1332.60 | OK | |||
r-patched-solaris-x86 | 1.0-1 | 270.00 | OK | |||
r-release-linux-x86_64 | 1.0-1 | 4.40 | 101.23 | 105.62 | OK | |
r-release-osx-x86_64-mavericks | 1.0-1 | NOTE | ||||
r-release-windows-ix86+x86_64 | 1.0-1 | 25.00 | 163.00 | 188.00 | OK | |
r-oldrel-windows-ix86+x86_64 | 1.0-1 | 18.00 | 180.00 | 198.00 | OK |
Version: 1.0-1
Check: re-building of vignette outputs
Result: NOTE
Error in re-building vignettes:
...
Loading required package: survival
Loading required package: TH.data
Loading required package: MASS
Attaching package: 'TH.data'
The following object is masked from 'package:MASS':
geyser
Warning in grepl("(Rerun to get|biblatex.*\\(re\\)run)", readLines(log, :
input string 437 is invalid in this locale
Warning in grepl("(Rerun to get|biblatex.*\\(re\\)run)", readLines(log, :
input string 438 is invalid in this locale
Error in texi2dvi(file = file, pdf = TRUE, clean = clean, quiet = quiet, :
Running 'texi2dvi' on 'evtree.tex' failed.
LaTeX errors:
! TeX capacity exceeded, sorry [text input levels=15].
\@filef@und ->evtree.tpt
l.16 ...BO=<b5><e4><d0><de>r<88><ce>m)<88>B<f1><a1><a5>X^^Em^^E)^^NYX-&<c4>M<bd>x-<8c><9e>\[
<d3><dd>纛<84>H<ef><f0><a9><e7><ed>S^^\<fd><b0>c'<ca><d3><f7> vg...
! ==> Fatal error occurred, no output PDF file produced!
Calls: buildVignettes -> texi2pdf -> texi2dvi
Execution halted
Flavor: r-release-osx-x86_64-mavericks