CRAN Package Check Results for Package fastHICA

Last updated on 2016-12-28 23:47:10.

Flavor Version Tinstall Tcheck Ttotal Status Flags
r-devel-linux-x86_64-debian-clang 1.0.2 0.86 16.04 16.90 NOTE
r-devel-linux-x86_64-debian-gcc 1.0.2 0.84 15.77 16.61 NOTE
r-devel-linux-x86_64-fedora-clang 1.0.2 29.44 NOTE --no-stop-on-test-error
r-devel-linux-x86_64-fedora-gcc 1.0.2 28.65 NOTE --no-stop-on-test-error
r-devel-macos-x86_64-clang 1.0.2 24.38 NOTE --no-stop-on-test-error
r-devel-windows-ix86+x86_64 1.0.2 6.00 52.00 58.00 NOTE
r-patched-linux-x86_64 1.0.2 0.77 14.21 14.98 NOTE
r-patched-solaris-sparc 1.0.2 113.10 NOTE
r-patched-solaris-x86 1.0.2 35.10 NOTE
r-release-linux-x86_64 1.0.2 0.76 13.86 14.61 NOTE
r-release-osx-x86_64-mavericks 1.0.2 NOTE
r-release-windows-ix86+x86_64 1.0.2 3.00 34.00 37.00 NOTE
r-oldrel-windows-ix86+x86_64 1.0.2 3.00 40.00 43.00 OK

Check Details

Version: 1.0.2
Check: R code for possible problems
Result: NOTE
    basis_hica: no visible global function definition for ‘princomp’
    energy_hica: no visible global function definition for ‘dev.new’
    energy_hica: no visible global function definition for ‘points’
    energy_hica: no visible global function definition for ‘legend’
    Undefined global functions or variables:
     dev.new legend points princomp
    Consider adding
     importFrom("grDevices", "dev.new")
     importFrom("graphics", "legend", "points")
     importFrom("stats", "princomp")
    to your NAMESPACE file.
Flavors: r-devel-linux-x86_64-debian-clang, r-devel-linux-x86_64-debian-gcc, r-devel-windows-ix86+x86_64, r-patched-linux-x86_64, r-patched-solaris-sparc, r-patched-solaris-x86, r-release-linux-x86_64, r-release-osx-x86_64-mavericks, r-release-windows-ix86+x86_64

Version: 1.0.2
Flags: --no-stop-on-test-error
Check: R code for possible problems
Result: NOTE
    basis_hica: no visible global function definition for ‘princomp’
    energy_hica: no visible global function definition for ‘dev.new’
    energy_hica: no visible global function definition for ‘points’
    energy_hica: no visible global function definition for ‘legend’
    Undefined global functions or variables:
     dev.new legend points princomp
    Consider adding
     importFrom("grDevices", "dev.new")
     importFrom("graphics", "legend", "points")
     importFrom("stats", "princomp")
    to your NAMESPACE file.
Flavors: r-devel-linux-x86_64-fedora-clang, r-devel-linux-x86_64-fedora-gcc, r-devel-macos-x86_64-clang