CRAN Package Check Results for Package fgui

Last updated on 2016-12-28 23:47:11.

Flavor Version Tinstall Tcheck Ttotal Status Flags
r-devel-linux-x86_64-debian-clang 1.0-5 0.79 16.12 16.91 NOTE
r-devel-linux-x86_64-debian-gcc 1.0-5 0.78 16.28 17.06 NOTE
r-devel-linux-x86_64-fedora-clang 1.0-5 27.03 NOTE --no-stop-on-test-error
r-devel-linux-x86_64-fedora-gcc 1.0-5 25.98 NOTE --no-stop-on-test-error
r-devel-macos-x86_64-clang 1.0-5 23.45 NOTE --no-stop-on-test-error
r-devel-windows-ix86+x86_64 1.0-5 4.00 31.00 35.00 NOTE
r-patched-linux-x86_64 1.0-5 0.73 14.72 15.45 NOTE
r-patched-solaris-sparc 1.0-5 158.80 NOTE
r-patched-solaris-x86 1.0-5 37.00 NOTE
r-release-linux-x86_64 1.0-5 0.76 14.76 15.53 NOTE
r-release-osx-x86_64-mavericks 1.0-5 WARN
r-release-windows-ix86+x86_64 1.0-5 3.00 31.00 34.00 NOTE
r-oldrel-windows-ix86+x86_64 1.0-5 3.00 27.00 30.00 NOTE

Check Details

Version: 1.0-5
Check: DESCRIPTION meta-information
Result: NOTE
    Package listed in more than one of Depends, Imports, Suggests, Enhances:
     ‘tcltk’
    A package should be listed in only one of these fields.
Flavors: r-devel-linux-x86_64-debian-clang, r-devel-linux-x86_64-debian-gcc, r-devel-windows-ix86+x86_64, r-patched-linux-x86_64, r-patched-solaris-sparc, r-patched-solaris-x86, r-release-linux-x86_64, r-release-osx-x86_64-mavericks, r-release-windows-ix86+x86_64, r-oldrel-windows-ix86+x86_64

Version: 1.0-5
Check: dependencies in R code
Result: NOTE
    'library' or 'require' call to ‘tcltk’ in package code.
     Please use :: or requireNamespace() instead.
     See section 'Suggested packages' in the 'Writing R Extensions' manual.
    Package in Depends field not imported from: ‘tools’
     These packages need to be imported from (in the NAMESPACE file)
     for when this namespace is loaded but not attached.
    Unexported object imported by a ':::' call: ‘tools:::fetchRdDB’
     See the note in ?`:::` about the use of this operator.
Flavors: r-devel-linux-x86_64-debian-clang, r-devel-linux-x86_64-debian-gcc, r-devel-windows-ix86+x86_64, r-patched-linux-x86_64, r-patched-solaris-sparc, r-patched-solaris-x86, r-release-linux-x86_64, r-release-windows-ix86+x86_64, r-oldrel-windows-ix86+x86_64

Version: 1.0-5
Check: R code for possible problems
Result: NOTE
    parseHelp: no visible global function definition for ‘help’
    parseHelp: no visible global function definition for ‘unzip’
    Undefined global functions or variables:
     help unzip
    Consider adding
     importFrom("utils", "help", "unzip")
    to your NAMESPACE file.
Flavors: r-devel-linux-x86_64-debian-clang, r-devel-linux-x86_64-debian-gcc, r-devel-windows-ix86+x86_64, r-patched-linux-x86_64, r-patched-solaris-sparc, r-patched-solaris-x86, r-release-linux-x86_64, r-release-windows-ix86+x86_64

Version: 1.0-5
Check: Rd line widths
Result: NOTE
    Rd file 'gui.Rd':
     \examples lines wider than 100 characters:
     gui( summaryStats, helps=list(data="Enter the data as an R vector, e.g. 'c(13,66,44,27)' or enter the text 'rivers' to use a builtin da ... [TRUNCATED]
     ## If you want it modal though, do not do so until the last mgui call, or it will be modal inbetween additions to the menu!
     guiv( lmgui, argFilename=list(csvFilename=NULL), argList=list(response=NULL,explanatory=NULL), callback=lmguiCallback )
     data <- data.frame( mvrnorm( n=100, mu=c(0,0,0), Sigma=matrix(c(1,0.3,0, 0.3,1,0.3, 0,0.3,1),nrow=3) ) )
    
    These lines will be truncated in the PDF manual.
Flavors: r-devel-linux-x86_64-debian-clang, r-devel-linux-x86_64-debian-gcc, r-patched-linux-x86_64, r-release-linux-x86_64

Version: 1.0-5
Flags: --no-stop-on-test-error
Check: DESCRIPTION meta-information
Result: NOTE
    Package listed in more than one of Depends, Imports, Suggests, Enhances:
     ‘tcltk’
    A package should be listed in only one of these fields.
Flavors: r-devel-linux-x86_64-fedora-clang, r-devel-linux-x86_64-fedora-gcc, r-devel-macos-x86_64-clang

Version: 1.0-5
Flags: --no-stop-on-test-error
Check: dependencies in R code
Result: NOTE
    'library' or 'require' call to ‘tcltk’ in package code.
     Please use :: or requireNamespace() instead.
     See section 'Suggested packages' in the 'Writing R Extensions' manual.
    Package in Depends field not imported from: ‘tools’
     These packages need to be imported from (in the NAMESPACE file)
     for when this namespace is loaded but not attached.
    Unexported object imported by a ':::' call: ‘tools:::fetchRdDB’
     See the note in ?`:::` about the use of this operator.
Flavors: r-devel-linux-x86_64-fedora-clang, r-devel-linux-x86_64-fedora-gcc, r-devel-macos-x86_64-clang

Version: 1.0-5
Flags: --no-stop-on-test-error
Check: R code for possible problems
Result: NOTE
    parseHelp: no visible global function definition for ‘help’
    parseHelp: no visible global function definition for ‘unzip’
    Undefined global functions or variables:
     help unzip
    Consider adding
     importFrom("utils", "help", "unzip")
    to your NAMESPACE file.
Flavors: r-devel-linux-x86_64-fedora-clang, r-devel-linux-x86_64-fedora-gcc, r-devel-macos-x86_64-clang

Version: 1.0-5
Flags: --no-stop-on-test-error
Check: Rd line widths
Result: NOTE
    Rd file 'gui.Rd':
     \examples lines wider than 100 characters:
     gui( summaryStats, helps=list(data="Enter the data as an R vector, e.g. 'c(13,66,44,27)' or enter the text 'rivers' to use a builtin da ... [TRUNCATED]
     ## If you want it modal though, do not do so until the last mgui call, or it will be modal inbetween additions to the menu!
     guiv( lmgui, argFilename=list(csvFilename=NULL), argList=list(response=NULL,explanatory=NULL), callback=lmguiCallback )
     data <- data.frame( mvrnorm( n=100, mu=c(0,0,0), Sigma=matrix(c(1,0.3,0, 0.3,1,0.3, 0,0.3,1),nrow=3) ) )
    
    These lines will be truncated in the PDF manual.
Flavors: r-devel-linux-x86_64-fedora-clang, r-devel-linux-x86_64-fedora-gcc

Version: 1.0-5
Check: dependencies in R code
Result: NOTE
    Invalid MIT-MAGIC-COOKIE-1 key'library' or 'require' call to ‘tcltk’ in package code.
     Please use :: or requireNamespace() instead.
     See section 'Suggested packages' in the 'Writing R Extensions' manual.
    Package in Depends field not imported from: ‘tools’
     These packages need to be imported from (in the NAMESPACE file)
     for when this namespace is loaded but not attached.
    Unexported object imported by a ':::' call: ‘tools:::fetchRdDB’
     See the note in ?`:::` about the use of this operator.
Flavor: r-release-osx-x86_64-mavericks

Version: 1.0-5
Check: S3 generic/method consistency
Result: WARN
    Invalid MIT-MAGIC-COOKIE-1 key
    See section ‘Generic functions and methods’ in the ‘Writing R
    Extensions’ manual.
Flavor: r-release-osx-x86_64-mavericks

Version: 1.0-5
Check: replacement functions
Result: WARN
    Invalid MIT-MAGIC-COOKIE-1 key
    The argument of a replacement function which corresponds to the right
    hand side must be named ‘value’.
Flavor: r-release-osx-x86_64-mavericks

Version: 1.0-5
Check: foreign function calls
Result: NOTE
    Invalid MIT-MAGIC-COOKIE-1 key
    See chapter ‘System and foreign language interfaces’ in the ‘Writing R
    Extensions’ manual.
Flavor: r-release-osx-x86_64-mavericks

Version: 1.0-5
Check: R code for possible problems
Result: NOTE
    Invalid MIT-MAGIC-COOKIE-1 keyparseHelp: no visible global function definition for ‘help’
    parseHelp: no visible global function definition for ‘unzip’
    Undefined global functions or variables:
     help unzip
    Consider adding
     importFrom("utils", "help", "unzip")
    to your NAMESPACE file.
Flavor: r-release-osx-x86_64-mavericks

Version: 1.0-5
Check: for missing documentation entries
Result: WARN
    Invalid MIT-MAGIC-COOKIE-1 key
    All user-level objects in a package should have documentation entries.
    See chapter ‘Writing R documentation files’ in the ‘Writing R
    Extensions’ manual.
Flavor: r-release-osx-x86_64-mavericks

Version: 1.0-5
Check: for code/documentation mismatches
Result: WARN
    Invalid MIT-MAGIC-COOKIE-1 key
    Invalid MIT-MAGIC-COOKIE-1 key
    Invalid MIT-MAGIC-COOKIE-1 key
Flavor: r-release-osx-x86_64-mavericks

Version: 1.0-5
Check: Rd \usage sections
Result: NOTE
    Invalid MIT-MAGIC-COOKIE-1 key
    The \usage entries for S3 methods should use the \method markup and not
    their full name.
    See chapter ‘Writing R documentation files’ in the ‘Writing R
    Extensions’ manual.
Flavor: r-release-osx-x86_64-mavericks