CRAN Package Check Results for Package financial

Last updated on 2016-12-28 23:47:11.

Flavor Version Tinstall Tcheck Ttotal Status Flags
r-devel-linux-x86_64-debian-clang 0.2 0.58 11.77 12.35 NOTE
r-devel-linux-x86_64-debian-gcc 0.2 0.64 11.72 12.36 NOTE
r-devel-linux-x86_64-fedora-clang 0.2 20.38 NOTE --no-stop-on-test-error
r-devel-linux-x86_64-fedora-gcc 0.2 19.50 NOTE --no-stop-on-test-error
r-devel-macos-x86_64-clang 0.2 17.64 NOTE --no-stop-on-test-error
r-devel-windows-ix86+x86_64 0.2 3.00 27.00 30.00 NOTE
r-patched-linux-x86_64 0.2 0.60 9.87 10.48 NOTE
r-patched-solaris-sparc 0.2 112.90 NOTE
r-patched-solaris-x86 0.2 25.10 NOTE
r-release-linux-x86_64 0.2 0.58 10.00 10.58 NOTE
r-release-osx-x86_64-mavericks 0.2 NOTE
r-release-windows-ix86+x86_64 0.2 3.00 26.00 29.00 NOTE
r-oldrel-windows-ix86+x86_64 0.2 3.00 22.00 25.00 OK

Check Details

Version: 0.2
Check: S3 generic/method consistency
Result: NOTE
    Found the following apparent S3 methods exported but not registered:
     plot.cf plot.tvm print.cf print.tvm summary.cf summary.tvm update.cf
     update.tvm
    See section ‘Registering S3 methods’ in the ‘Writing R Extensions’
    manual.
Flavors: r-devel-linux-x86_64-debian-clang, r-devel-linux-x86_64-debian-gcc, r-patched-linux-x86_64, r-patched-solaris-sparc, r-patched-solaris-x86, r-release-linux-x86_64

Version: 0.2
Check: R code for possible problems
Result: NOTE
    plot.cf: no visible global function definition for ‘barplot’
    plot.cf: no visible global function definition for ‘lines’
    plot.cf: no visible global function definition for ‘abline’
    plot.cf: no visible global function definition for ‘axis’
    plot.cf: no visible global function definition for ‘curve’
    plot.tvm: no visible global function definition for ‘barplot’
    plot.tvm: no visible global function definition for ‘lines’
    tvm: no visible global function definition for ‘uniroot’
    update.tvm: no visible global function definition for ‘uniroot’
    Undefined global functions or variables:
     abline axis barplot curve lines uniroot
    Consider adding
     importFrom("graphics", "abline", "axis", "barplot", "curve", "lines")
     importFrom("stats", "uniroot")
    to your NAMESPACE file.
Flavors: r-devel-linux-x86_64-debian-clang, r-devel-linux-x86_64-debian-gcc, r-devel-windows-ix86+x86_64, r-patched-linux-x86_64, r-patched-solaris-sparc, r-patched-solaris-x86, r-release-linux-x86_64, r-release-osx-x86_64-mavericks, r-release-windows-ix86+x86_64

Version: 0.2
Flags: --no-stop-on-test-error
Check: S3 generic/method consistency
Result: NOTE
    Found the following apparent S3 methods exported but not registered:
     plot.cf plot.tvm print.cf print.tvm summary.cf summary.tvm update.cf
     update.tvm
    See section ‘Registering S3 methods’ in the ‘Writing R Extensions’
    manual.
Flavors: r-devel-linux-x86_64-fedora-clang, r-devel-linux-x86_64-fedora-gcc, r-devel-macos-x86_64-clang

Version: 0.2
Flags: --no-stop-on-test-error
Check: R code for possible problems
Result: NOTE
    plot.cf: no visible global function definition for ‘barplot’
    plot.cf: no visible global function definition for ‘lines’
    plot.cf: no visible global function definition for ‘abline’
    plot.cf: no visible global function definition for ‘axis’
    plot.cf: no visible global function definition for ‘curve’
    plot.tvm: no visible global function definition for ‘barplot’
    plot.tvm: no visible global function definition for ‘lines’
    tvm: no visible global function definition for ‘uniroot’
    update.tvm: no visible global function definition for ‘uniroot’
    Undefined global functions or variables:
     abline axis barplot curve lines uniroot
    Consider adding
     importFrom("graphics", "abline", "axis", "barplot", "curve", "lines")
     importFrom("stats", "uniroot")
    to your NAMESPACE file.
Flavors: r-devel-linux-x86_64-fedora-clang, r-devel-linux-x86_64-fedora-gcc, r-devel-macos-x86_64-clang