CRAN Package Check Results for Package formattable

Last updated on 2016-12-28 23:47:12.

Flavor Version Tinstall Tcheck Ttotal Status Flags
r-devel-linux-x86_64-debian-clang 0.2.0.1 1.83 26.06 27.89 OK
r-devel-linux-x86_64-debian-gcc 0.2.0.1 1.85 25.60 27.44 OK
r-devel-linux-x86_64-fedora-clang 0.2.0.1 52.28 OK --no-stop-on-test-error
r-devel-linux-x86_64-fedora-gcc 0.2.0.1 50.06 OK --no-stop-on-test-error
r-devel-macos-x86_64-clang 0.2.0.1 42.56 OK --no-stop-on-test-error
r-devel-windows-ix86+x86_64 0.2.0.1 8.00 107.00 115.00 OK
r-patched-linux-x86_64 0.2.0.1 1.66 20.66 22.32 OK
r-patched-solaris-sparc 0.2.0.1 266.50 WARN
r-patched-solaris-x86 0.2.0.1 55.30 WARN
r-release-linux-x86_64 0.2.0.1 1.68 20.88 22.56 OK
r-release-osx-x86_64-mavericks 0.2.0.1 WARN
r-release-windows-ix86+x86_64 0.2.0.1 9.00 55.00 64.00 OK
r-oldrel-windows-ix86+x86_64 0.2.0.1 6.00 51.00 57.00 OK

Check Details

Version: 0.2.0.1
Check: re-building of vignette outputs
Result: WARN
    Error in re-building vignettes:
     ...
    Warning in engine$weave(file, quiet = quiet, encoding = enc) :
     Pandoc (>= 1.12.3) and/or pandoc-citeproc not available. Falling back to R Markdown v1.
    Quitting from lines 168-169 (formattable-data-frame.Rmd)
    Error: processing vignette 'formattable-data-frame.Rmd' failed with diagnostics:
    cannot open the connection
    Execution halted
Flavors: r-patched-solaris-sparc, r-patched-solaris-x86

Version: 0.2.0.1
Check: re-building of vignette outputs
Result: WARN
    Error in re-building vignettes:
     ...
    Warning in (if (grepl("\\.[Rr]md$", file)) knit2html else if (grepl("\\.[Rr]rst$", :
     It seems you should call rmarkdown::render() instead of knitr::knit2html() because formattable-data-frame.Rmd appears to be an R Markdown v2 document.
    Quitting from lines 168-169 (formattable-data-frame.Rmd)
    Error: processing vignette 'formattable-data-frame.Rmd' failed with diagnostics:
    cannot open the connection
    Execution halted
Flavor: r-release-osx-x86_64-mavericks